Last updated on 2024-08-16 11:49:43 CEST.
Flavor | Version | Tinstall | Tcheck | Ttotal | Status | Flags |
---|---|---|---|---|---|---|
r-devel-linux-x86_64-debian-clang | 0.4-2 | 17.66 | 67.74 | 85.40 | NOTE | |
r-devel-linux-x86_64-debian-gcc | 0.4-2 | 12.66 | 50.73 | 63.39 | NOTE | |
r-devel-linux-x86_64-fedora-clang | 0.4-2 | 134.41 | NOTE | |||
r-devel-linux-x86_64-fedora-gcc | 0.4-2 | 130.46 | NOTE | |||
r-devel-windows-x86_64 | 0.4-2 | 23.00 | 92.00 | 115.00 | NOTE | |
r-patched-linux-x86_64 | 0.4-2 | 17.95 | 61.13 | 79.08 | NOTE | |
r-release-linux-x86_64 | 0.4-2 | 17.50 | 60.06 | 77.56 | NOTE | |
r-release-macos-arm64 | 0.4-2 | 35.00 | NOTE | |||
r-release-macos-x86_64 | 0.4-2 | 63.00 | NOTE | |||
r-release-windows-x86_64 | 0.4-2 | 22.00 | 96.00 | 118.00 | NOTE | |
r-oldrel-macos-arm64 | 0.4-2 | 35.00 | OK | |||
r-oldrel-macos-x86_64 | 0.4-2 | 71.00 | OK | |||
r-oldrel-windows-x86_64 | 0.4-2 | 28.00 | 111.00 | 139.00 | OK |
Version: 0.4-2
Check: Rd files
Result: NOTE
checkRd: (-1) plotkmc.Rd:21: Lost braces; missing escapes or markup?
21 | list of two functions,flist=list( f1=function( x ) { x } ,f2=function( x ) { x^2 } )
| ^
checkRd: (-1) plotkmc.Rd:21: Lost braces; missing escapes or markup?
21 | list of two functions,flist=list( f1=function( x ) { x } ,f2=function( x ) { x^2 } )
| ^
Flavors: r-devel-linux-x86_64-debian-clang, r-devel-linux-x86_64-debian-gcc, r-devel-linux-x86_64-fedora-clang, r-devel-linux-x86_64-fedora-gcc, r-devel-windows-x86_64, r-patched-linux-x86_64, r-release-linux-x86_64, r-release-macos-arm64, r-release-macos-x86_64, r-release-windows-x86_64