Last updated on 2025-06-23 11:51:37 CEST.
Flavor | Version | Tinstall | Tcheck | Ttotal | Status | Flags |
---|---|---|---|---|---|---|
r-devel-linux-x86_64-debian-clang | 1.0 | 87.53 | 184.91 | 272.44 | OK | |
r-devel-linux-x86_64-debian-gcc | 1.0 | 61.97 | 133.23 | 195.20 | OK | |
r-devel-linux-x86_64-fedora-clang | 1.0 | 459.92 | OK | |||
r-devel-linux-x86_64-fedora-gcc | 1.0 | 404.32 | OK | |||
r-devel-windows-x86_64 | 1.0 | 106.00 | 210.00 | 316.00 | OK | |
r-patched-linux-x86_64 | 1.0 | 85.90 | 174.64 | 260.54 | OK | |
r-release-linux-x86_64 | 1.0 | 84.64 | 175.79 | 260.43 | OK | |
r-release-macos-arm64 | 1.0 | 153.00 | OK | |||
r-release-macos-x86_64 | 1.0 | 226.00 | OK | |||
r-release-windows-x86_64 | 1.0 | 104.00 | 206.00 | 310.00 | OK | |
r-oldrel-macos-arm64 | 1.0 | 122.00 | NOTE | |||
r-oldrel-macos-x86_64 | 1.0 | 287.00 | NOTE | |||
r-oldrel-windows-x86_64 | 1.0 | 124.00 | 260.00 | 384.00 | NOTE |
Version: 1.0
Check: installed package size
Result: NOTE
installed size is 5.4Mb
sub-directories of 1Mb or more:
libs 3.8Mb
Flavors: r-oldrel-macos-arm64, r-oldrel-macos-x86_64
Version: 1.0
Check: for GNU extensions in Makefiles
Result: NOTE
GNU make is a SystemRequirements.
Flavors: r-oldrel-macos-arm64, r-oldrel-macos-x86_64, r-oldrel-windows-x86_64