CRAN Package Check Results for Package kml3d

Last updated on 2021-12-04 23:50:35 CET.

Flavor Version Tinstall Tcheck Ttotal Status Flags
r-devel-linux-x86_64-debian-clang 2.4.2 8.58 70.54 79.12 NOTE
r-devel-linux-x86_64-debian-gcc 2.4.2 6.95 55.53 62.48 NOTE
r-devel-linux-x86_64-fedora-clang 2.4.2 101.39 NOTE
r-devel-linux-x86_64-fedora-gcc 2.4.2 88.19 NOTE
r-devel-windows-x86_64-new-UL 2.4.2 21.00 111.00 132.00 OK
r-devel-windows-x86_64-new-TK 2.4.2 OK
r-devel-windows-x86_64-old 2.4.2 15.00 64.00 79.00 OK
r-patched-linux-x86_64 2.4.2 12.85 60.68 73.53 NOTE
r-release-linux-x86_64 2.4.2 8.92 60.98 69.90 NOTE
r-release-macos-arm64 2.4.2 OK
r-release-macos-x86_64 2.4.2 OK
r-release-windows-ix86+x86_64 2.4.2 19.00 78.00 97.00 OK
r-oldrel-macos-x86_64 2.4.2 OK
r-oldrel-windows-ix86+x86_64 2.4.2 20.00 80.00 100.00 OK

Check Details

Version: 2.4.2
Check: for non-standard things in the check directory
Result: NOTE
    Found the following files/directories:
     'cld1.Rdata' 'main.tex' 'myCld.Rdata' 'myCld3d.Rdata' 'scene.asy'
Flavors: r-devel-linux-x86_64-debian-clang, r-devel-linux-x86_64-debian-gcc, r-devel-linux-x86_64-fedora-clang, r-devel-linux-x86_64-fedora-gcc, r-patched-linux-x86_64, r-release-linux-x86_64