CRAN Package Check Results for Package knitcitations

Last updated on 2019-07-16 05:48:18 CEST.

Flavor Version Tinstall Tcheck Ttotal Status Flags
r-devel-linux-x86_64-debian-clang 1.0.8 3.75 39.71 43.46 NOTE
r-devel-linux-x86_64-debian-gcc 1.0.8 3.15 32.40 35.55 NOTE
r-devel-linux-x86_64-fedora-clang 1.0.8 53.19 NOTE
r-devel-linux-x86_64-fedora-gcc 1.0.8 51.78 NOTE
r-devel-windows-ix86+x86_64 1.0.8 13.00 55.00 68.00 OK
r-patched-linux-x86_64 1.0.8 3.16 38.95 42.11 OK
r-patched-solaris-x86 1.0.8 97.80 OK
r-release-linux-x86_64 1.0.8 2.89 39.66 42.55 OK
r-release-windows-ix86+x86_64 1.0.8 8.00 115.00 123.00 WARN
r-release-osx-x86_64 1.0.8 OK
r-oldrel-windows-ix86+x86_64 1.0.8 7.00 74.00 81.00 OK
r-oldrel-osx-x86_64 1.0.8 OK

Check Details

Version: 1.0.8
Check: for non-standard things in the check directory
Result: NOTE
    Found the following files/directories:
     'knitcitations.bib'
Flavors: r-devel-linux-x86_64-debian-clang, r-devel-linux-x86_64-debian-gcc, r-devel-linux-x86_64-fedora-clang, r-devel-linux-x86_64-fedora-gcc

Version: 1.0.8
Check: re-building of vignette outputs
Result: WARN
    Error(s) in re-building vignettes:
    --- re-building 'tutorial.Rmd' using rmarkdown
    Warning in engine$weave(file, quiet = quiet, encoding = enc) :
     The vignette engine knitr::rmarkdown is not available, because the rmarkdown package is not installed. Please install it.
    Server error [504] for doi "10.1890/11-0011.1", you may want to try again, or BibTeX unavailable for this doi
    no results with relavency score greater than 'min.relevance' successfully retrieved
    Quitting from lines 63-78 (tutorial.Rmd)
    Error: processing vignette 'tutorial.Rmd' failed with diagnostics:
    argument "bibtype" is missing, with no default
    --- failed re-building 'tutorial.Rmd'
    
    SUMMARY: processing the following file failed:
     'tutorial.Rmd'
    
    Error: Vignette re-building failed.
    Execution halted
Flavor: r-release-windows-ix86+x86_64