Last updated on 2024-05-13 05:52:34 CEST.
Flavor | Version | Tinstall | Tcheck | Ttotal | Status | Flags |
---|---|---|---|---|---|---|
r-devel-linux-x86_64-debian-clang | 0.1.0 | 2.45 | 26.69 | 29.14 | NOTE | |
r-devel-linux-x86_64-debian-gcc | 0.1.0 | 1.74 | 20.98 | 22.72 | NOTE | |
r-devel-linux-x86_64-fedora-clang | 0.1.0 | 38.60 | NOTE | |||
r-devel-linux-x86_64-fedora-gcc | 0.1.0 | 41.85 | NOTE | |||
r-devel-windows-x86_64 | 0.1.0 | 3.00 | 45.00 | 48.00 | NOTE | |
r-patched-linux-x86_64 | 0.1.0 | 2.19 | 26.46 | 28.65 | NOTE | |
r-release-linux-x86_64 | 0.1.0 | 2.69 | 26.41 | 29.10 | NOTE | |
r-release-macos-arm64 | 0.1.0 | 17.00 | NOTE | |||
r-release-windows-x86_64 | 0.1.0 | 3.00 | 45.00 | 48.00 | NOTE | |
r-oldrel-macos-arm64 | 0.1.0 | 17.00 | OK | |||
r-oldrel-macos-x86_64 | 0.1.0 | 22.00 | OK | |||
r-oldrel-windows-x86_64 | 0.1.0 | 4.00 | 44.00 | 48.00 | OK |
Version: 0.1.0
Check: Rd files
Result: NOTE
checkRd: (-1) kpmt.Rd:14: Lost braces in \itemize; meant \describe ?
checkRd: (-1) kpmt.Rd:15: Lost braces in \itemize; meant \describe ?
checkRd: (-1) kpmt.Rd:20: Lost braces in \itemize; meant \describe ?
checkRd: (-1) kpmt.Rd:21: Lost braces in \itemize; meant \describe ?
checkRd: (-1) kpmt.Rd:46: Lost braces in \itemize; \value handles \item{}{} directly
checkRd: (-1) kpmt.Rd:47: Lost braces in \itemize; \value handles \item{}{} directly
checkRd: (-1) kpmt.Rd:48: Lost braces in \itemize; \value handles \item{}{} directly
checkRd: (-1) kpmt.Rd:49: Lost braces in \itemize; \value handles \item{}{} directly
checkRd: (-1) kpmt.Rd:50: Lost braces in \itemize; \value handles \item{}{} directly
checkRd: (-1) kpmt.Rd:51: Lost braces in \itemize; \value handles \item{}{} directly
checkRd: (-1) kpmt.Rd:52: Lost braces in \itemize; \value handles \item{}{} directly
Flavors: r-devel-linux-x86_64-debian-clang, r-devel-linux-x86_64-debian-gcc, r-devel-linux-x86_64-fedora-clang, r-devel-linux-x86_64-fedora-gcc, r-devel-windows-x86_64, r-patched-linux-x86_64, r-release-linux-x86_64, r-release-macos-arm64, r-release-windows-x86_64