CRAN Package Check Results for Package kssa

Last updated on 2023-03-30 13:51:44 CEST.

Flavor Version Tinstall Tcheck Ttotal Status Flags
r-devel-linux-x86_64-debian-clang 0.0.1 8.49 75.60 84.09 OK
r-devel-linux-x86_64-debian-gcc 0.0.1 6.80 55.59 62.39 OK
r-devel-linux-x86_64-fedora-clang 0.0.1 103.71 OK
r-devel-linux-x86_64-fedora-gcc 0.0.1 97.99 OK
r-devel-windows-x86_64 0.0.1 13.00 0.00 13.00 OK
r-patched-linux-x86_64 0.0.1 12.10 68.89 80.99 OK
r-release-linux-x86_64 0.0.1 5.48 73.98 79.46 OK
r-release-macos-arm64 0.0.1 31.00 OK
r-release-macos-x86_64 0.0.1 48.00 OK
r-release-windows-x86_64 0.0.1 10.00 106.00 116.00 OK
r-oldrel-macos-arm64 0.0.1 35.00 OK
r-oldrel-macos-x86_64 0.0.1 47.00 OK
r-oldrel-windows-ix86+x86_64 0.0.1 20.00 105.00 125.00 NOTE

Check Details

Version: 0.0.1
Check: R code for possible problems
Result: NOTE
    Initiating curl with CURL_SSL_BACKEND: openssl
Flavor: r-oldrel-windows-ix86+x86_64