CRAN Package Check Results for Package kulife

Last updated on 2020-10-20 05:48:17 CEST.

Flavor Version Tinstall Tcheck Ttotal Status Flags
r-devel-linux-x86_64-debian-clang 0.1-14 2.31 31.82 34.13 NOTE
r-devel-linux-x86_64-debian-gcc 0.1-14 1.54 25.50 27.04 NOTE
r-devel-linux-x86_64-fedora-clang 0.1-14 51.12 NOTE
r-devel-linux-x86_64-fedora-gcc 0.1-14 41.10 NOTE
r-devel-windows-ix86+x86_64 0.1-14 4.00 42.00 46.00 NOTE
r-patched-linux-x86_64 0.1-14 2.27 31.16 33.43 NOTE
r-patched-solaris-x86 0.1-14 70.00 NOTE
r-release-linux-x86_64 0.1-14 2.05 31.35 33.40 NOTE
r-release-macos-x86_64 0.1-14 NOTE
r-release-windows-ix86+x86_64 0.1-14 4.00 40.00 44.00 NOTE
r-oldrel-macos-x86_64 0.1-14 NOTE
r-oldrel-windows-ix86+x86_64 0.1-14 3.00 50.00 53.00 NOTE

Check Details

Version: 0.1-14
Check: DESCRIPTION meta-information
Result: NOTE
    Malformed Description field: should contain one or more complete sentences.
Flavors: r-devel-linux-x86_64-debian-clang, r-devel-linux-x86_64-debian-gcc, r-devel-linux-x86_64-fedora-clang, r-devel-linux-x86_64-fedora-gcc, r-devel-windows-ix86+x86_64, r-patched-linux-x86_64, r-patched-solaris-x86, r-release-linux-x86_64, r-release-macos-x86_64, r-release-windows-ix86+x86_64, r-oldrel-macos-x86_64, r-oldrel-windows-ix86+x86_64

Version: 0.1-14
Check: dependencies in R code
Result: NOTE
    'library' or 'require' call to 'XML' in package code.
     Please use :: or requireNamespace() instead.
     See section 'Suggested packages' in the 'Writing R Extensions' manual.
Flavors: r-devel-linux-x86_64-debian-clang, r-devel-linux-x86_64-debian-gcc, r-devel-linux-x86_64-fedora-clang, r-devel-linux-x86_64-fedora-gcc, r-devel-windows-ix86+x86_64, r-patched-linux-x86_64, r-patched-solaris-x86, r-release-linux-x86_64, r-release-macos-x86_64, r-release-windows-ix86+x86_64, r-oldrel-macos-x86_64, r-oldrel-windows-ix86+x86_64

Version: 0.1-14
Check: R code for possible problems
Result: NOTE
    auc: no visible global function definition for 'approx'
    kulife.colors: no visible global function definition for 'palette'
    rootonorm: no visible global function definition for 'sd'
    rootonorm: no visible global function definition for 'hist'
    rootonorm: no visible global function definition for 'pnorm'
    rootonorm: no visible global function definition for 'dnorm'
    rootonorm: no visible global function definition for 'rect'
    rootonorm: no visible global function definition for 'lines'
    rootonorm: no visible global function definition for 'abline'
    Undefined global functions or variables:
     abline approx dnorm hist lines palette pnorm rect sd
    Consider adding
     importFrom("grDevices", "palette")
     importFrom("graphics", "abline", "hist", "lines", "rect")
     importFrom("stats", "approx", "dnorm", "pnorm", "sd")
    to your NAMESPACE file.
Flavors: r-devel-linux-x86_64-debian-clang, r-devel-linux-x86_64-debian-gcc, r-devel-linux-x86_64-fedora-clang, r-devel-linux-x86_64-fedora-gcc, r-devel-windows-ix86+x86_64, r-patched-linux-x86_64, r-patched-solaris-x86, r-release-linux-x86_64, r-release-macos-x86_64, r-release-windows-ix86+x86_64

Version: 0.1-14
Check: for non-standard things in the check directory
Result: NOTE
    Found the following files/directories:
     'mydata.xml' 'swarms.pdf'
Flavors: r-devel-linux-x86_64-debian-clang, r-devel-linux-x86_64-debian-gcc, r-devel-linux-x86_64-fedora-clang, r-devel-linux-x86_64-fedora-gcc, r-patched-linux-x86_64, r-patched-solaris-x86, r-release-linux-x86_64

Version: 0.1-14
Check: R code for possible problems
Result: NOTE
    auc: no visible global function definition for ‘approx’
    kulife.colors: no visible global function definition for ‘palette’
    rootonorm: no visible global function definition for ‘sd’
    rootonorm: no visible global function definition for ‘hist’
    rootonorm: no visible global function definition for ‘pnorm’
    rootonorm: no visible global function definition for ‘dnorm’
    rootonorm: no visible global function definition for ‘plot’
    rootonorm: no visible global function definition for ‘rect’
    rootonorm: no visible global function definition for ‘lines’
    rootonorm: no visible global function definition for ‘abline’
    Undefined global functions or variables:
     abline approx dnorm hist lines palette plot pnorm rect sd
    Consider adding
     importFrom("grDevices", "palette")
     importFrom("graphics", "abline", "hist", "lines", "plot", "rect")
     importFrom("stats", "approx", "dnorm", "pnorm", "sd")
    to your NAMESPACE file.
Flavors: r-oldrel-macos-x86_64, r-oldrel-windows-ix86+x86_64