Last updated on 2024-08-16 11:49:43 CEST.
Flavor | Version | Tinstall | Tcheck | Ttotal | Status | Flags |
---|---|---|---|---|---|---|
r-devel-linux-x86_64-debian-clang | 0.99.6 | 26.01 | 109.75 | 135.76 | NOTE | |
r-devel-linux-x86_64-debian-gcc | 0.99.6 | 20.11 | 77.62 | 97.73 | NOTE | |
r-devel-linux-x86_64-fedora-clang | 0.99.6 | 235.94 | NOTE | |||
r-devel-linux-x86_64-fedora-gcc | 0.99.6 | 216.70 | NOTE | |||
r-devel-windows-x86_64 | 0.99.6 | 32.00 | 126.00 | 158.00 | NOTE | |
r-patched-linux-x86_64 | 0.99.6 | 27.51 | 102.02 | 129.53 | NOTE | |
r-release-linux-x86_64 | 0.99.6 | 25.97 | 102.76 | 128.73 | NOTE | |
r-release-macos-arm64 | 0.99.6 | 56.00 | NOTE | |||
r-release-macos-x86_64 | 0.99.6 | 86.00 | NOTE | |||
r-release-windows-x86_64 | 0.99.6 | 32.00 | 136.00 | 168.00 | NOTE | |
r-oldrel-macos-arm64 | 0.99.6 | 67.00 | OK | |||
r-oldrel-macos-x86_64 | 0.99.6 | 111.00 | OK | |||
r-oldrel-windows-x86_64 | 0.99.6 | 41.00 | 156.00 | 197.00 | OK |
Version: 0.99.6
Check: Rd files
Result: NOTE
checkRd: (-1) CreateDataSet.Rd:23: Lost braces in \itemize; \value handles \item{}{} directly
checkRd: (-1) CreateDataSet.Rd:24: Lost braces in \itemize; \value handles \item{}{} directly
checkRd: (-1) CreateDataSet.Rd:25: Lost braces in \itemize; \value handles \item{}{} directly
checkRd: (-1) FindElement.Rd:21: Lost braces in \itemize; \value handles \item{}{} directly
checkRd: (-1) FindElement.Rd:22: Lost braces in \itemize; \value handles \item{}{} directly
checkRd: (-1) FindNbrClusters.Rd:21: Lost braces in \itemize; \value handles \item{}{} directly
checkRd: (-1) FindNbrClusters.Rd:22: Lost braces in \itemize; \value handles \item{}{} directly
checkRd: (-1) FindStructure.Rd:15: Lost braces in \itemize; \value handles \item{}{} directly
checkRd: (-1) FindStructure.Rd:16: Lost braces in \itemize; \value handles \item{}{} directly
checkRd: (-1) l1_spectralclustering.Rd:32: Lost braces in \itemize; \value handles \item{}{} directly
checkRd: (-1) l1_spectralclustering.Rd:33: Lost braces in \itemize; \value handles \item{}{} directly
checkRd: (-1) l1_spectralclustering.Rd:34: Lost braces in \itemize; \value handles \item{}{} directly
checkRd: (-1) l1_spectralclustering.Rd:35: Lost braces in \itemize; \value handles \item{}{} directly
Flavors: r-devel-linux-x86_64-debian-clang, r-devel-linux-x86_64-debian-gcc, r-devel-linux-x86_64-fedora-clang, r-devel-linux-x86_64-fedora-gcc, r-devel-windows-x86_64, r-patched-linux-x86_64, r-release-linux-x86_64, r-release-macos-arm64, r-release-macos-x86_64, r-release-windows-x86_64