Last updated on 2024-04-24 06:19:18 CEST.
Flavor | Version | Tinstall | Tcheck | Ttotal | Status | Flags |
---|---|---|---|---|---|---|
r-devel-linux-x86_64-debian-clang | 2.1-0 | 13.88 | 110.25 | 124.13 | NOTE | |
r-devel-linux-x86_64-debian-gcc | 2.1-0 | 10.30 | 77.98 | 88.28 | NOTE | |
r-devel-linux-x86_64-fedora-clang | 2.1-0 | 155.04 | NOTE | |||
r-devel-linux-x86_64-fedora-gcc | 2.1-0 | 148.37 | NOTE | |||
r-prerel-macos-arm64 | 2.1-0 | 44.00 | NOTE | |||
r-prerel-windows-x86_64 | 2.1-0 | 16.00 | 105.00 | 121.00 | NOTE | |
r-patched-linux-x86_64 | 2.1-0 | 12.24 | 101.36 | 113.60 | NOTE | |
r-release-linux-x86_64 | 2.1-0 | 14.42 | 107.31 | 121.73 | OK | |
r-release-macos-arm64 | 2.1-0 | 48.00 | OK | |||
r-release-macos-x86_64 | 2.1-0 | 120.00 | OK | |||
r-release-windows-x86_64 | 2.1-0 | 21.00 | 125.00 | 146.00 | OK | |
r-oldrel-macos-arm64 | 2.1-0 | 45.00 | OK | |||
r-oldrel-windows-x86_64 | 2.1-0 | 20.00 | 122.00 | 142.00 | OK |
Version: 2.1-0
Check: Rd files
Result: NOTE
checkRd: (-1) reconcile.Rd:26: Lost braces
26 | refer to as the sQuote{comm} data.frame. The other data.frame contains all the
| ^
Flavors: r-devel-linux-x86_64-debian-clang, r-devel-linux-x86_64-debian-gcc, r-devel-linux-x86_64-fedora-clang, r-devel-linux-x86_64-fedora-gcc, r-prerel-macos-arm64, r-prerel-windows-x86_64, r-patched-linux-x86_64
Version: 2.1-0
Check: Rd cross-references
Result: NOTE
Undeclared package ‘fso’ in Rd xrefs
Flavor: r-devel-linux-x86_64-fedora-clang
Version: 2.1-0
Check: compiled code
Result: NOTE
File ‘labdsv/libs/labdsv.so’:
Found no calls to: ‘R_registerRoutines’, ‘R_useDynamicSymbols’
It is good practice to register native routines and to disable symbol
search.
See ‘Writing portable packages’ in the ‘Writing R Extensions’ manual.
Flavors: r-devel-linux-x86_64-fedora-clang, r-devel-linux-x86_64-fedora-gcc