CRAN Package Check Results for Package labelrank

Last updated on 2020-10-22 11:49:31 CEST.

Flavor Version Tinstall Tcheck Ttotal Status Flags
r-devel-linux-x86_64-debian-clang 0.1 2.19 23.60 25.79 NOTE
r-devel-linux-x86_64-debian-gcc 0.1 1.58 18.83 20.41 NOTE
r-devel-linux-x86_64-fedora-clang 0.1 40.82 OK
r-devel-linux-x86_64-fedora-gcc 0.1 31.67 OK
r-devel-windows-ix86+x86_64 0.1 5.00 40.00 45.00 NOTE
r-patched-linux-x86_64 0.1 2.09 22.83 24.92 NOTE
r-patched-solaris-x86 0.1 49.80 OK
r-release-linux-x86_64 0.1 2.02 22.85 24.87 NOTE
r-release-macos-x86_64 0.1 OK
r-release-windows-ix86+x86_64 0.1 4.00 31.00 35.00 NOTE
r-oldrel-macos-x86_64 0.1 OK
r-oldrel-windows-ix86+x86_64 0.1 4.00 39.00 43.00 OK

Check Details

Version: 0.1
Check: package vignettes
Result: NOTE
    Package vignette with placeholder title 'Vignette Title':
     'labelrank.Rmd'
Flavors: r-devel-linux-x86_64-debian-clang, r-devel-linux-x86_64-debian-gcc, r-devel-windows-ix86+x86_64, r-patched-linux-x86_64, r-release-linux-x86_64, r-release-windows-ix86+x86_64