Last updated on 2024-08-16 11:49:43 CEST.
Flavor | Version | Tinstall | Tcheck | Ttotal | Status | Flags |
---|---|---|---|---|---|---|
r-devel-linux-x86_64-debian-clang | 1.0.1 | 47.33 | 94.39 | 141.72 | NOTE | |
r-devel-linux-x86_64-debian-gcc | 1.0.1 | 34.55 | 71.33 | 105.88 | NOTE | |
r-devel-linux-x86_64-fedora-clang | 1.0.1 | 244.06 | OK | |||
r-devel-linux-x86_64-fedora-gcc | 1.0.1 | 250.30 | OK | |||
r-devel-windows-x86_64 | 1.0.1 | 58.00 | 129.00 | 187.00 | NOTE | |
r-patched-linux-x86_64 | 1.0.1 | 51.32 | 89.90 | 141.22 | OK | |
r-release-linux-x86_64 | 1.0.1 | 45.87 | 90.63 | 136.50 | OK | |
r-release-macos-arm64 | 1.0.1 | 78.00 | OK | |||
r-release-macos-x86_64 | 1.0.1 | 187.00 | OK | |||
r-release-windows-x86_64 | 1.0.1 | 58.00 | 137.00 | 195.00 | OK | |
r-oldrel-macos-arm64 | 1.0.1 | 101.00 | ERROR | |||
r-oldrel-macos-x86_64 | 1.0.1 | 156.00 | ERROR | |||
r-oldrel-windows-x86_64 | 1.0.1 | 74.00 | 155.00 | 229.00 | OK |
Version: 1.0.1
Check: Rd cross-references
Result: NOTE
Found the following Rd file(s) with Rd \link{} targets missing package
anchors:
bounding_box.Rd: data.table
voxelize.Rd: data.table
Please provide package anchors for all Rd \link{} targets not in the
package itself and the base packages.
Flavors: r-devel-linux-x86_64-debian-clang, r-devel-linux-x86_64-debian-gcc, r-devel-windows-x86_64
Version: 1.0.1
Check: running R code from vignettes
Result: ERROR
Errors in running code in vignettes:
when running code in ‘working-with-lidR.Rmd’
...
> las_glassfire <- lidR::LAS(data = glassfire)
Creation of a LAS object from data but without a header:
Scale factors were set to 0.001 and XYZ coordinates were quantized to fit the scale factors.
> vox <- voxelize(las_glassfire, edge_length = c(0.5,
+ 0.5, 0.5))
When sourcing ‘working-with-lidR.R’:
Error: Input must be a data.frame or data.table
Execution halted
‘lacunr-tutorial.Rmd’ using ‘UTF-8’... [4s/4s] OK
‘quick-start.Rmd’ using ‘UTF-8’... [1s/1s] OK
‘working-with-lidR.Rmd’ using ‘UTF-8’... failed
Flavor: r-oldrel-macos-arm64
Version: 1.0.1
Check: running R code from vignettes
Result: ERROR
Errors in running code in vignettes:
when running code in ‘working-with-lidR.Rmd’
...
> las_glassfire <- lidR::LAS(data = glassfire)
Creation of a LAS object from data but without a header:
Scale factors were set to 0.001 and XYZ coordinates were quantized to fit the scale factors.
> vox <- voxelize(las_glassfire, edge_length = c(0.5,
+ 0.5, 0.5))
When sourcing ‘working-with-lidR.R’:
Error: Input must be a data.frame or data.table
Execution halted
‘lacunr-tutorial.Rmd’ using ‘UTF-8’... [6s/7s] OK
‘quick-start.Rmd’ using ‘UTF-8’... [1s/2s] OK
‘working-with-lidR.Rmd’ using ‘UTF-8’... failed
Flavor: r-oldrel-macos-x86_64