Last updated on 2022-05-18 00:53:16 CEST.
Flavor | Version | Tinstall | Tcheck | Ttotal | Status | Flags |
---|---|---|---|---|---|---|
r-devel-linux-x86_64-debian-clang | 2.1.1 | 17.58 | 38.09 | 55.67 | NOTE | |
r-devel-linux-x86_64-debian-gcc | 2.1.1 | 14.09 | 29.39 | 43.48 | NOTE | |
r-devel-linux-x86_64-fedora-clang | 2.1.1 | 77.49 | NOTE | |||
r-devel-linux-x86_64-fedora-gcc | 2.1.1 | 68.20 | NOTE | |||
r-devel-windows-x86_64 | 2.1.1 | 28.00 | 72.00 | 100.00 | NOTE | |
r-patched-linux-x86_64 | 2.1.1 | 15.77 | 36.32 | 52.09 | NOTE | |
r-release-linux-x86_64 | 2.1.1 | 16.02 | 35.73 | 51.75 | NOTE | |
r-release-macos-arm64 | 2.1.1 | 24.00 | NOTE | |||
r-release-macos-x86_64 | 2.1.1 | 34.00 | NOTE | |||
r-release-windows-x86_64 | 2.1.1 | 25.00 | 74.00 | 99.00 | NOTE | |
r-oldrel-macos-arm64 | 2.1.1 | 22.00 | NOTE | |||
r-oldrel-macos-x86_64 | 2.1.1 | 34.00 | NOTE | |||
r-oldrel-windows-ix86+x86_64 | 2.1.1 | 51.00 | 73.00 | 124.00 | NOTE |
Version: 2.1.1
Check: for GNU extensions in Makefiles
Result: NOTE
GNU make is a SystemRequirements.
Flavors: r-devel-linux-x86_64-debian-clang, r-devel-linux-x86_64-debian-gcc, r-devel-linux-x86_64-fedora-clang, r-devel-linux-x86_64-fedora-gcc, r-devel-windows-x86_64, r-patched-linux-x86_64, r-release-linux-x86_64, r-release-macos-arm64, r-release-macos-x86_64, r-release-windows-x86_64, r-oldrel-macos-arm64, r-oldrel-macos-x86_64, r-oldrel-windows-ix86+x86_64
Version: 2.1.1
Check: Rd cross-references
Result: NOTE
Undeclared package ‘gsl’ in Rd xrefs
Flavor: r-devel-linux-x86_64-fedora-clang