CRAN Package Check Results for Package landform

Last updated on 2024-04-13 23:28:53 CEST.

Flavor Version Tinstall Tcheck Ttotal Status Flags
r-devel-linux-x86_64-debian-clang 0.2 17.04 233.72 250.76 OK
r-devel-linux-x86_64-debian-gcc 0.2 18.58 154.30 172.88 OK
r-devel-linux-x86_64-fedora-clang 0.2 290.26 NOTE
r-devel-linux-x86_64-fedora-gcc 0.2 283.59 OK
r-devel-windows-x86_64 0.2 17.00 133.00 150.00 OK
r-patched-linux-x86_64 0.2 28.23 217.68 245.91 OK
r-release-linux-x86_64 0.2 19.47 213.91 233.38 OK
r-release-macos-arm64 0.2 143.00 OK
r-release-macos-x86_64 0.2 187.00 OK
r-release-windows-x86_64 0.2 25.00 169.00 194.00 OK
r-oldrel-macos-arm64 0.2 63.00 OK
r-oldrel-windows-x86_64 0.2 25.00 165.00 190.00 OK

Check Details

Version: 0.2
Check: Rd cross-references
Result: NOTE Undeclared package ‘raster’ in Rd xrefs Flavor: r-devel-linux-x86_64-fedora-clang