CRAN Package Check Results for Package languagelayeR

Last updated on 2024-05-23 11:49:31 CEST.

Flavor Version Tinstall Tcheck Ttotal Status Flags
r-devel-linux-x86_64-debian-clang 1.2.4 1.98 35.62 37.60 NOTE
r-devel-linux-x86_64-debian-gcc 1.2.4 2.10 27.04 29.14 NOTE
r-devel-linux-x86_64-fedora-clang 1.2.4 48.80 NOTE
r-devel-linux-x86_64-fedora-gcc 1.2.4 58.31 NOTE
r-devel-windows-x86_64 1.2.4 3.00 50.00 53.00 NOTE
r-patched-linux-x86_64 1.2.4 2.98 33.58 36.56 NOTE
r-release-linux-x86_64 1.2.4 3.02 34.04 37.06 NOTE
r-release-macos-arm64 1.2.4 26.00 NOTE
r-release-windows-x86_64 1.2.4 4.00 50.00 54.00 NOTE
r-oldrel-macos-arm64 1.2.4 24.00 NOTE
r-oldrel-macos-x86_64 1.2.4 38.00 NOTE
r-oldrel-windows-x86_64 1.2.4 4.00 50.00 54.00 NOTE

Check Details

Version: 1.2.4
Check: LazyData
Result: NOTE 'LazyData' is specified without a 'data' directory Flavors: r-devel-linux-x86_64-debian-clang, r-devel-linux-x86_64-debian-gcc, r-devel-linux-x86_64-fedora-clang, r-devel-linux-x86_64-fedora-gcc, r-devel-windows-x86_64, r-patched-linux-x86_64, r-release-linux-x86_64, r-release-macos-arm64, r-release-windows-x86_64, r-oldrel-macos-arm64, r-oldrel-macos-x86_64, r-oldrel-windows-x86_64