Last updated on 2024-08-31 23:49:07 CEST.
Flavor | Version | Tinstall | Tcheck | Ttotal | Status | Flags |
---|---|---|---|---|---|---|
r-devel-linux-x86_64-debian-clang | 0.1.5-1.1 | 2.61 | 16.41 | 19.02 | OK | |
r-devel-linux-x86_64-debian-gcc | 0.1.5-1.1 | 2.20 | 13.32 | 15.52 | OK | |
r-devel-linux-x86_64-fedora-clang | 0.1.5-1.1 | 30.82 | NOTE | |||
r-devel-linux-x86_64-fedora-gcc | 0.1.5-1.1 | 28.97 | NOTE | |||
r-devel-windows-x86_64 | 0.1.5-1.1 | 7.00 | 45.00 | 52.00 | OK | |
r-patched-linux-x86_64 | 0.1.5-1.1 | 2.39 | 15.61 | 18.00 | OK | |
r-release-linux-x86_64 | 0.1.5-1.1 | 2.29 | 15.88 | 18.17 | OK | |
r-release-macos-arm64 | 0.1.5-1.1 | 15.00 | OK | |||
r-release-macos-x86_64 | 0.1.5-1.1 | 21.00 | OK | |||
r-release-windows-x86_64 | 0.1.5-1.1 | 5.00 | 38.00 | 43.00 | OK | |
r-oldrel-macos-arm64 | 0.1.5-1.1 | 14.00 | OK | |||
r-oldrel-macos-x86_64 | 0.1.5-1.1 | 22.00 | OK | |||
r-oldrel-windows-x86_64 | 0.1.5-1.1 | 5.00 | 38.00 | 43.00 | OK |
Version: 0.1.5-1.1
Check: compiled code
Result: NOTE
File ‘lassoshooting/libs/lassoshooting.so’:
Found no calls to: ‘R_registerRoutines’, ‘R_useDynamicSymbols’
It is good practice to register native routines and to disable symbol
search.
See ‘Writing portable packages’ in the ‘Writing R Extensions’ manual.
Flavors: r-devel-linux-x86_64-fedora-clang, r-devel-linux-x86_64-fedora-gcc