Last updated on 2024-08-31 23:49:07 CEST.
Flavor | Version | Tinstall | Tcheck | Ttotal | Status | Flags |
---|---|---|---|---|---|---|
r-devel-linux-x86_64-debian-clang | 1.1 | 21.58 | 61.82 | 83.40 | NOTE | |
r-devel-linux-x86_64-debian-gcc | 1.1 | 15.62 | 45.79 | 61.41 | NOTE | |
r-devel-linux-x86_64-fedora-clang | 1.1 | 145.22 | NOTE | |||
r-devel-linux-x86_64-fedora-gcc | 1.1 | 136.79 | NOTE | |||
r-devel-windows-x86_64 | 1.1 | 27.00 | 91.00 | 118.00 | NOTE | |
r-patched-linux-x86_64 | 1.1 | 22.69 | 60.07 | 82.76 | NOTE | |
r-release-linux-x86_64 | 1.1 | 21.88 | 58.87 | 80.75 | NOTE | |
r-release-macos-arm64 | 1.1 | 40.00 | NOTE | |||
r-release-macos-x86_64 | 1.1 | 62.00 | NOTE | |||
r-release-windows-x86_64 | 1.1 | 27.00 | 92.00 | 119.00 | NOTE | |
r-oldrel-macos-arm64 | 1.1 | 47.00 | NOTE | |||
r-oldrel-macos-x86_64 | 1.1 | 73.00 | NOTE | |||
r-oldrel-windows-x86_64 | 1.1 | 31.00 | 113.00 | 144.00 | NOTE |
Version: 1.1
Check: C++ specification
Result: NOTE
Specified C++11: please drop specification unless essential
Flavors: r-devel-linux-x86_64-debian-clang, r-devel-linux-x86_64-debian-gcc, r-devel-linux-x86_64-fedora-clang, r-devel-linux-x86_64-fedora-gcc, r-devel-windows-x86_64, r-patched-linux-x86_64, r-release-linux-x86_64, r-release-macos-arm64, r-release-macos-x86_64, r-release-windows-x86_64, r-oldrel-macos-arm64, r-oldrel-macos-x86_64, r-oldrel-windows-x86_64