CRAN Package Check Results for Package latex2exp

Last updated on 2021-09-16 05:50:20 CEST.

Flavor Version Tinstall Tcheck Ttotal Status Flags
r-devel-linux-x86_64-debian-clang 0.5.0 2.68 30.64 33.32 NOTE
r-devel-linux-x86_64-debian-gcc 0.5.0 2.05 23.69 25.74 NOTE
r-devel-linux-x86_64-fedora-clang 0.5.0 49.37 NOTE
r-devel-linux-x86_64-fedora-gcc 0.5.0 37.54 NOTE
r-devel-windows-x86_64 0.5.0 5.00 57.00 62.00 NOTE
r-devel-windows-x86_64-gcc10-UCRT 0.5.0 NOTE
r-patched-linux-x86_64 0.5.0 2.07 29.49 31.56 NOTE
r-patched-solaris-x86 0.5.0 59.70 NOTE
r-release-linux-x86_64 0.5.0 2.44 29.67 32.11 NOTE
r-release-macos-arm64 0.5.0 NOTE
r-release-macos-x86_64 0.5.0 NOTE
r-release-windows-ix86+x86_64 0.5.0 6.00 35.00 41.00 NOTE
r-oldrel-macos-x86_64 0.5.0 OK
r-oldrel-windows-ix86+x86_64 0.5.0 6.00 44.00 50.00 OK

Check Details

Version: 0.5.0
Check: LazyData
Result: NOTE
     'LazyData' is specified without a 'data' directory
Flavors: r-devel-linux-x86_64-debian-clang, r-devel-linux-x86_64-debian-gcc, r-devel-linux-x86_64-fedora-clang, r-devel-linux-x86_64-fedora-gcc, r-devel-windows-x86_64, r-devel-windows-x86_64-gcc10-UCRT, r-patched-linux-x86_64, r-patched-solaris-x86, r-release-linux-x86_64, r-release-macos-arm64, r-release-macos-x86_64, r-release-windows-ix86+x86_64