Last updated on 2022-07-04 11:51:09 CEST.
Flavor | Version | Tinstall | Tcheck | Ttotal | Status | Flags |
---|---|---|---|---|---|---|
r-devel-linux-x86_64-debian-clang | 0.20-45 | 13.29 | 158.92 | 172.21 | OK | |
r-devel-linux-x86_64-debian-gcc | 0.20-45 | 14.33 | 117.04 | 131.37 | OK | |
r-devel-linux-x86_64-fedora-clang | 0.20-45 | 212.85 | NOTE | |||
r-devel-linux-x86_64-fedora-gcc | 0.20-45 | 214.15 | OK | |||
r-devel-windows-x86_64 | 0.20-45 | 99.00 | 176.00 | 275.00 | OK | |
r-patched-linux-x86_64 | 0.20-45 | 20.14 | 145.90 | 166.04 | OK | |
r-release-linux-x86_64 | 0.20-45 | 15.33 | 146.40 | 161.73 | OK | |
r-release-macos-arm64 | 0.20-45 | 54.00 | OK | |||
r-release-macos-x86_64 | 0.20-45 | 80.00 | OK | |||
r-release-windows-x86_64 | 0.20-45 | 92.00 | 177.00 | 269.00 | OK | |
r-oldrel-macos-arm64 | 0.20-45 | 59.00 | OK | |||
r-oldrel-macos-x86_64 | 0.20-45 | 97.00 | OK | |||
r-oldrel-windows-ix86+x86_64 | 0.20-45 | 35.00 | 227.00 | 262.00 | OK |
Version: 0.20-45
Check: Rd cross-references
Result: NOTE
Undeclared package ‘zoo’ in Rd xrefs
Flavor: r-devel-linux-x86_64-fedora-clang