Last updated on 2024-03-29 11:53:56 CET.
Flavor | Version | Tinstall | Tcheck | Ttotal | Status | Flags |
---|---|---|---|---|---|---|
r-devel-linux-x86_64-debian-clang | 0.6-30 | 6.76 | 98.45 | 105.21 | OK | |
r-devel-linux-x86_64-debian-gcc | 0.6-30 | 5.48 | 72.55 | 78.03 | OK | |
r-devel-linux-x86_64-fedora-clang | 0.6-30 | 125.78 | NOTE | |||
r-devel-linux-x86_64-fedora-gcc | 0.6-30 | 123.34 | OK | |||
r-devel-windows-x86_64 | 0.6-30 | 9.00 | 99.00 | 108.00 | OK | |
r-patched-linux-x86_64 | 0.6-30 | 10.71 | 96.44 | 107.15 | OK | |
r-release-linux-x86_64 | 0.6-30 | 6.91 | 96.21 | 103.12 | OK | |
r-release-macos-arm64 | 0.6-30 | 39.00 | OK | |||
r-release-macos-x86_64 | 0.6-30 | 67.00 | OK | |||
r-release-windows-x86_64 | 0.6-30 | 10.00 | 117.00 | 127.00 | OK | |
r-oldrel-macos-arm64 | 0.6-30 | 40.00 | OK | |||
r-oldrel-windows-x86_64 | 0.6-30 | 11.00 | 122.00 | 133.00 | OK |
Version: 0.6-30
Check: Rd cross-references
Result: NOTE
Undeclared package ‘ggplot2’ in Rd xrefs
Flavor: r-devel-linux-x86_64-fedora-clang