Last updated on 2023-03-22 05:52:29 CET.
Flavor | Version | Tinstall | Tcheck | Ttotal | Status | Flags |
---|---|---|---|---|---|---|
r-devel-linux-x86_64-debian-clang | 0.6.2 | 4.34 | 40.54 | 44.88 | OK | |
r-devel-linux-x86_64-debian-gcc | 0.6.2 | 3.46 | 31.91 | 35.37 | OK | |
r-devel-linux-x86_64-fedora-clang | 0.6.2 | 60.44 | OK | |||
r-devel-linux-x86_64-fedora-gcc | 0.6.2 | 63.93 | OK | |||
r-patched-linux-x86_64 | 0.6.2 | 4.13 | 40.22 | 44.35 | OK | |
r-release-linux-x86_64 | 0.6.2 | 2.96 | 40.64 | 43.60 | OK | |
r-release-macos-arm64 | 0.6.2 | 25.00 | OK | |||
r-release-macos-x86_64 | 0.6.2 | 43.00 | OK | |||
r-release-windows-x86_64 | 0.6.2 | 21.00 | 76.00 | 97.00 | OK | |
r-oldrel-macos-arm64 | 0.6.2 | 288.00 | OK | |||
r-oldrel-macos-x86_64 | 0.6.2 | 65.00 | OK | |||
r-oldrel-windows-ix86+x86_64 | 0.6.2 | 11.00 | 70.00 | 81.00 | NOTE |
Version: 0.6.2
Check: dependencies in R code
Result: NOTE
Initiating curl with CURL_SSL_BACKEND: openssl
Flavor: r-oldrel-windows-ix86+x86_64