Last updated on 2024-04-20 00:04:26 CEST.
Flavor | Version | Tinstall | Tcheck | Ttotal | Status | Flags |
---|---|---|---|---|---|---|
r-devel-linux-x86_64-debian-clang | 1.1.0 | 1.86 | 22.53 | 24.39 | NOTE | |
r-devel-linux-x86_64-debian-gcc | 1.1.0 | NOTE | ||||
r-devel-linux-x86_64-fedora-clang | 1.1.0 | 30.56 | OK | |||
r-devel-linux-x86_64-fedora-gcc | 1.1.0 | 29.53 | OK | |||
r-prerel-macos-arm64 | 1.1.0 | 14.00 | OK | |||
r-prerel-windows-x86_64 | 1.1.0 | 2.00 | 38.00 | 40.00 | OK | |
r-patched-linux-x86_64 | 1.1.0 | 2.00 | 21.58 | 23.58 | NOTE | |
r-release-linux-x86_64 | 1.1.0 | 1.54 | 21.51 | 23.05 | NOTE | |
r-release-macos-arm64 | 1.1.0 | 15.00 | OK | |||
r-release-macos-x86_64 | 1.1.0 | 19.00 | OK | |||
r-release-windows-x86_64 | 1.1.0 | 2.00 | 38.00 | 40.00 | OK | |
r-oldrel-macos-arm64 | 1.1.0 | 16.00 | OK | |||
r-oldrel-windows-x86_64 | 1.1.0 | 3.00 | 44.00 | 47.00 | OK |
Version: 1.1.0
Check: R code for possible problems
Result: NOTE
Found the following calls to attach():
File ‘lazyData/R/requireData.R’:
attach(NULL, pos = pos, name = searchDataName)
See section ‘Good practice’ in ‘?attach’.
Flavors: r-devel-linux-x86_64-debian-clang, r-devel-linux-x86_64-debian-gcc, r-patched-linux-x86_64, r-release-linux-x86_64