CRAN Package Check Results for Package lazyData

Last updated on 2021-01-16 11:47:50 CET.

Flavor Version Tinstall Tcheck Ttotal Status Flags
r-devel-linux-x86_64-debian-clang 1.1.0 1.71 22.80 24.51 NOTE
r-devel-linux-x86_64-debian-gcc 1.1.0 1.30 18.53 19.83 NOTE
r-devel-linux-x86_64-fedora-clang 1.1.0 39.76 OK
r-devel-linux-x86_64-fedora-gcc 1.1.0 30.26 OK
r-devel-windows-ix86+x86_64 1.1.0 3.00 32.00 35.00 OK
r-patched-linux-x86_64 1.1.0 1.68 21.99 23.67 NOTE
r-patched-solaris-x86 1.1.0 45.50 OK
r-release-linux-x86_64 1.1.0 1.84 22.36 24.20 NOTE
r-release-macos-x86_64 1.1.0 OK
r-release-windows-ix86+x86_64 1.1.0 4.00 34.00 38.00 OK
r-oldrel-macos-x86_64 1.1.0 OK
r-oldrel-windows-ix86+x86_64 1.1.0 3.00 29.00 32.00 OK

Check Details

Version: 1.1.0
Check: R code for possible problems
Result: NOTE
    Found the following calls to attach():
    File 'lazyData/R/requireData.R':
     attach(NULL, pos = pos, name = searchDataName)
    See section 'Good practice' in '?attach'.
Flavors: r-devel-linux-x86_64-debian-clang, r-devel-linux-x86_64-debian-gcc, r-patched-linux-x86_64, r-release-linux-x86_64