Last updated on 2024-08-16 11:49:43 CEST.
Flavor | Version | Tinstall | Tcheck | Ttotal | Status | Flags |
---|---|---|---|---|---|---|
r-devel-linux-x86_64-debian-clang | 1.1.0 | 21.35 | 35.09 | 56.44 | NOTE | |
r-devel-linux-x86_64-debian-gcc | 1.1.0 | 18.18 | 27.89 | 46.07 | NOTE | |
r-devel-linux-x86_64-fedora-clang | 1.1.0 | 103.60 | NOTE | |||
r-devel-linux-x86_64-fedora-gcc | 1.1.0 | 120.29 | NOTE | |||
r-devel-windows-x86_64 | 1.1.0 | 30.00 | 79.00 | 109.00 | NOTE | |
r-patched-linux-x86_64 | 1.1.0 | 26.50 | 34.24 | 60.74 | NOTE | |
r-release-linux-x86_64 | 1.1.0 | 25.40 | 34.37 | 59.77 | NOTE | |
r-release-macos-arm64 | 1.1.0 | 36.00 | NOTE | |||
r-release-macos-x86_64 | 1.1.0 | 53.00 | NOTE | |||
r-release-windows-x86_64 | 1.1.0 | 30.00 | 77.00 | 107.00 | NOTE | |
r-oldrel-macos-arm64 | 1.1.0 | 43.00 | NOTE | |||
r-oldrel-macos-x86_64 | 1.1.0 | 65.00 | NOTE | |||
r-oldrel-windows-x86_64 | 1.1.0 | 27.00 | 88.00 | 115.00 | NOTE |
Version: 1.1.0
Check: C++ specification
Result: NOTE
Specified C++11: please drop specification unless essential
Flavors: r-devel-linux-x86_64-debian-clang, r-devel-linux-x86_64-debian-gcc, r-devel-linux-x86_64-fedora-clang, r-devel-linux-x86_64-fedora-gcc, r-devel-windows-x86_64, r-patched-linux-x86_64, r-release-linux-x86_64, r-release-macos-arm64, r-release-macos-x86_64, r-release-windows-x86_64, r-oldrel-macos-arm64, r-oldrel-macos-x86_64, r-oldrel-windows-x86_64