CRAN Package Check Results for Package lcc

Last updated on 2023-09-24 05:53:13 CEST.

Flavor Version Tinstall Tcheck Ttotal Status Flags
r-devel-linux-x86_64-debian-clang 1.1.4 10.87 81.62 92.49 OK
r-devel-linux-x86_64-debian-gcc 1.1.4 7.95 60.93 68.88 OK
r-devel-linux-x86_64-fedora-clang 1.1.4 115.48 NOTE
r-devel-linux-x86_64-fedora-gcc 1.1.4 109.95 OK
r-devel-windows-x86_64 1.1.4 13.00 86.00 99.00 OK
r-patched-linux-x86_64 1.1.4 14.55 77.83 92.38 OK
r-release-linux-x86_64 1.1.4 10.10 77.37 87.47 OK
r-release-macos-arm64 1.1.4 35.00 OK
r-release-macos-x86_64 1.1.4 53.00 OK
r-release-windows-x86_64 1.1.4 14.00 97.00 111.00 OK
r-oldrel-macos-arm64 1.1.4 29.00 OK
r-oldrel-macos-x86_64 1.1.4 47.00 OK
r-oldrel-windows-x86_64 1.1.4 14.00 91.00 105.00 OK

Check Details

Version: 1.1.4
Check: Rd cross-references
Result: NOTE
    Undeclared package ‘gridExtra’ in Rd xrefs
Flavor: r-devel-linux-x86_64-fedora-clang