Last updated on 2023-05-28 12:01:53 CEST.
Flavor | Version | Tinstall | Tcheck | Ttotal | Status | Flags |
---|---|---|---|---|---|---|
r-devel-linux-x86_64-debian-clang | 0.3.0 | 52.82 | 133.14 | 185.96 | OK | |
r-devel-linux-x86_64-debian-gcc | 0.3.0 | 36.53 | 96.21 | 132.74 | OK | |
r-devel-linux-x86_64-fedora-clang | 0.3.0 | 235.69 | NOTE | |||
r-devel-linux-x86_64-fedora-gcc | 0.3.0 | 244.66 | NOTE | |||
r-devel-windows-x86_64 | 0.3.0 | 42.00 | 175.00 | 217.00 | OK | |
r-patched-linux-x86_64 | 0.3.0 | 30.53 | 125.64 | 156.17 | OK | |
r-release-linux-x86_64 | 0.3.0 | 39.70 | 125.52 | 165.22 | OK | |
r-release-macos-arm64 | 0.3.0 | 71.00 | OK | |||
r-release-macos-x86_64 | 0.3.0 | 108.00 | OK | |||
r-release-windows-x86_64 | 0.3.0 | 50.00 | 199.00 | 249.00 | OK | |
r-oldrel-macos-arm64 | 0.3.0 | 72.00 | OK | |||
r-oldrel-macos-x86_64 | 0.3.0 | 91.00 | OK | |||
r-oldrel-windows-x86_64 | 0.3.0 | 48.00 | 199.00 | 247.00 | OK |
Version: 0.3.0
Check: dependencies in R code
Result: NOTE
Namespaces in Imports field not imported from:
‘RColorBrewer’ ‘RcppProgress’ ‘rgen’
All declared Imports should be used.
Flavors: r-devel-linux-x86_64-fedora-clang, r-devel-linux-x86_64-fedora-gcc