CRAN Package Check Results for Package leafdown

Last updated on 2024-06-13 11:48:16 CEST.

Flavor Version Tinstall Tcheck Ttotal Status Flags
r-devel-linux-x86_64-debian-clang 1.2.0 7.56 89.69 97.25 OK
r-devel-linux-x86_64-debian-gcc 1.2.0 4.90 43.68 48.58 ERROR
r-devel-linux-x86_64-fedora-clang 1.2.0 129.62 NOTE
r-devel-linux-x86_64-fedora-gcc 1.2.0 124.56 NOTE
r-devel-windows-x86_64 1.2.0 7.00 90.00 97.00 OK
r-patched-linux-x86_64 1.2.0 6.34 87.07 93.41 OK
r-release-linux-x86_64 1.2.0 7.70 86.12 93.82 OK
r-release-macos-arm64 1.2.0 49.00 OK
r-release-macos-x86_64 1.2.0 72.00 OK
r-release-windows-x86_64 1.2.0 8.00 91.00 99.00 OK
r-oldrel-macos-arm64 1.2.0 48.00 OK
r-oldrel-macos-x86_64 1.2.0 70.00 OK
r-oldrel-windows-x86_64 1.2.0 8.00 103.00 111.00 OK

Check Details

Version: 1.2.0
Check: package dependencies
Result: NOTE Packages suggested but not available for checking: 'testthat', 'shinytest', 'dplyr', 'rmapshaper' Flavor: r-devel-linux-x86_64-debian-gcc

Version: 1.2.0
Check: tests
Result: ERROR Running ‘testthat.R’ [0s/1s] Running the tests in ‘tests/testthat.R’ failed. Complete output: > library(testthat) Error in library(testthat) : there is no package called 'testthat' Execution halted Flavor: r-devel-linux-x86_64-debian-gcc

Version: 1.2.0
Check: re-building of vignette outputs
Result: ERROR Error(s) in re-building vignettes: ... --- re-building ‘Connection_to_other_elements.Rmd’ using rmarkdown --- finished re-building ‘Connection_to_other_elements.Rmd’ --- re-building ‘Introduction.Rmd’ using rmarkdown Quitting from lines 32-40 [setup] (Introduction.Rmd) Error: processing vignette 'Introduction.Rmd' failed with diagnostics: there is no package called 'dplyr' --- failed re-building ‘Introduction.Rmd’ --- re-building ‘Multilevel.Rmd’ using rmarkdown Quitting from lines 28-36 [setup] (Multilevel.Rmd) Error: processing vignette 'Multilevel.Rmd' failed with diagnostics: there is no package called 'dplyr' --- failed re-building ‘Multilevel.Rmd’ SUMMARY: processing the following files failed: ‘Introduction.Rmd’ ‘Multilevel.Rmd’ Error: Vignette re-building failed. Execution halted Flavor: r-devel-linux-x86_64-debian-gcc

Version: 1.2.0
Check: data for non-ASCII characters
Result: NOTE Note: found 75 marked UTF-8 strings Flavors: r-devel-linux-x86_64-fedora-clang, r-devel-linux-x86_64-fedora-gcc