CRAN Package Check Results for Package leaflet

Last updated on 2021-06-13 05:51:09 CEST.

Flavor Version Tinstall Tcheck Ttotal Status Flags
r-devel-linux-x86_64-debian-clang 2.0.4.1 5.99 53.34 59.33 OK
r-devel-linux-x86_64-debian-gcc 2.0.4.1 3.81 40.93 44.74 OK
r-devel-linux-x86_64-fedora-clang 2.0.4.1 78.67 OK
r-devel-linux-x86_64-fedora-gcc 2.0.4.1 67.74 OK
r-devel-windows-x86_64 2.0.4.1 10.00 81.00 91.00 OK
r-devel-windows-x86_64-gcc10-UCRT 2.0.4.1 NOTE
r-patched-linux-x86_64 2.0.4.1 11.44 51.32 62.76 OK
r-patched-solaris-x86 2.0.4.1 101.90 NOTE
r-release-linux-x86_64 2.0.4.1 5.91 50.86 56.77 OK
r-release-macos-arm64 2.0.4.1 NOTE
r-release-macos-x86_64 2.0.4.1 OK
r-release-windows-ix86+x86_64 2.0.4.1 12.00 75.00 87.00 OK
r-oldrel-macos-x86_64 2.0.4.1 OK
r-oldrel-windows-ix86+x86_64 2.0.4.1 12.00 74.00 86.00 OK

Check Details

Version: 2.0.4.1
Check: package dependencies
Result: NOTE
    Package suggested but not available for checking: 'sf'
Flavor: r-devel-windows-x86_64-gcc10-UCRT

Version: 2.0.4.1
Check: installed package size
Result: NOTE
     installed size is 5.5Mb
     sub-directories of 1Mb or more:
     htmlwidgets 3.9Mb
Flavor: r-patched-solaris-x86

Version: 2.0.4.1
Check: package dependencies
Result: NOTE
    Packages suggested but not available for checking: 'sf', 'rgdal'
Flavor: r-release-macos-arm64