CRAN Package Check Results for Package leaflet.minicharts

Last updated on 2021-06-23 11:52:47 CEST.

Flavor Version Tinstall Tcheck Ttotal Status Flags
r-devel-linux-x86_64-debian-clang 0.6.2 3.35 37.06 40.41 OK
r-devel-linux-x86_64-debian-gcc 0.6.2 2.18 28.62 30.80 OK
r-devel-linux-x86_64-fedora-clang 0.6.2 57.33 OK
r-devel-linux-x86_64-fedora-gcc 0.6.2 56.11 OK
r-devel-windows-x86_64 0.6.2 6.00 42.00 48.00 OK
r-devel-windows-x86_64-gcc10-UCRT 0.6.2 NOTE
r-patched-linux-x86_64 0.6.2 2.90 35.43 38.33 OK
r-patched-solaris-x86 0.6.2 71.40 WARN
r-release-linux-x86_64 0.6.2 2.94 35.25 38.19 OK
r-release-macos-arm64 0.6.2 WARN
r-release-macos-x86_64 0.6.2 WARN
r-release-windows-ix86+x86_64 0.6.2 7.00 41.00 48.00 OK
r-oldrel-macos-x86_64 0.6.2 WARN

Check Details

Version: 0.6.2
Check: package dependencies
Result: NOTE
    Package suggested but not available for checking: 'covr'
Flavor: r-devel-windows-x86_64-gcc10-UCRT

Version: 0.6.2
Check: re-building of vignette outputs
Result: WARN
    Error(s) in re-building vignettes:
     ...
    --- re-building ‘introduction.Rmd’ using rmarkdown
    Warning in engine$weave(file, quiet = quiet, encoding = enc) :
     Pandoc (>= 1.12.3) not available. Falling back to R Markdown v1.
    
    Attaching package: 'dplyr'
    
    The following objects are masked from 'package:stats':
    
     filter, lag
    
    The following objects are masked from 'package:base':
    
     intersect, setdiff, setequal, union
    
    Quitting from lines 67-77 (introduction.Rmd)
    Error: processing vignette 'introduction.Rmd' failed with diagnostics:
    invalid 'path' argument
    --- failed re-building ‘introduction.Rmd’
    
    SUMMARY: processing the following file failed:
     ‘introduction.Rmd’
    
    Error: Vignette re-building failed.
    Execution halted
Flavors: r-patched-solaris-x86, r-release-macos-arm64, r-release-macos-x86_64, r-oldrel-macos-x86_64