Last updated on 2024-04-23 17:49:36 CEST.
Flavor | Version | Tinstall | Tcheck | Ttotal | Status | Flags |
---|---|---|---|---|---|---|
r-devel-linux-x86_64-debian-clang | 0.29.1 | 2.07 | 23.94 | 26.01 | OK | |
r-devel-linux-x86_64-debian-gcc | 0.29.1 | 2.05 | 18.22 | 20.27 | OK | |
r-devel-linux-x86_64-fedora-clang | 0.29.1 | 33.18 | NOTE | |||
r-devel-linux-x86_64-fedora-gcc | 0.29.1 | 31.32 | NOTE | |||
r-prerel-macos-arm64 | 0.29.1 | 15.00 | OK | |||
r-prerel-windows-x86_64 | 0.29.1 | 3.00 | 41.00 | 44.00 | OK | |
r-patched-linux-x86_64 | 0.29.1 | 2.79 | 23.06 | 25.85 | OK | |
r-release-linux-x86_64 | 0.29.1 | 2.07 | 22.61 | 24.68 | OK | |
r-release-macos-arm64 | 0.29.1 | 17.00 | OK | |||
r-release-macos-x86_64 | 0.29.1 | 21.00 | OK | |||
r-release-windows-x86_64 | 0.29.1 | 4.00 | 40.00 | 44.00 | OK | |
r-oldrel-macos-arm64 | 0.29.1 | 16.00 | OK | |||
r-oldrel-windows-x86_64 | 0.29.1 | 4.00 | 44.00 | 48.00 | OK |
Version: 0.29.1
Check: Rd cross-references
Result: NOTE
Undeclared package ‘pracma’ in Rd xrefs
Flavor: r-devel-linux-x86_64-fedora-clang
Version: 0.29.1
Check: data for non-ASCII characters
Result: NOTE
Note: found 78 marked UTF-8 strings
Flavors: r-devel-linux-x86_64-fedora-clang, r-devel-linux-x86_64-fedora-gcc