Last updated on 2023-03-24 06:50:40 CET.
Flavor | Version | Tinstall | Tcheck | Ttotal | Status | Flags |
---|---|---|---|---|---|---|
r-devel-linux-x86_64-debian-clang | 0.4.3 | 13.33 | 134.82 | 148.15 | OK | |
r-devel-linux-x86_64-debian-gcc | 0.4.3 | 9.91 | 101.94 | 111.85 | OK | |
r-devel-linux-x86_64-fedora-clang | 0.4.3 | 206.64 | NOTE | |||
r-devel-linux-x86_64-fedora-gcc | 0.4.3 | 193.76 | OK | |||
r-patched-linux-x86_64 | 0.4.3 | 11.39 | 133.55 | 144.94 | OK | |
r-release-linux-x86_64 | 0.4.3 | 10.51 | 135.22 | 145.73 | OK | |
r-release-macos-arm64 | 0.4.3 | 58.00 | NOTE | |||
r-release-macos-x86_64 | 0.4.3 | 86.00 | NOTE | |||
r-release-windows-x86_64 | 0.4.3 | 2156.00 | 1013.00 | 3169.00 | NOTE | |
r-oldrel-macos-arm64 | 0.4.3 | 64.00 | NOTE | |||
r-oldrel-macos-x86_64 | 0.4.3 | 94.00 | NOTE | |||
r-oldrel-windows-ix86+x86_64 | 0.4.3 | 110.00 | 481.00 | 591.00 | NOTE |
Version: 0.4.3
Check: installed package size
Result: NOTE
installed size is 6.1Mb
sub-directories of 1Mb or more:
doc 5.9Mb
Flavors: r-devel-linux-x86_64-fedora-clang, r-release-macos-arm64, r-release-macos-x86_64, r-release-windows-x86_64, r-oldrel-macos-arm64, r-oldrel-macos-x86_64, r-oldrel-windows-ix86+x86_64