Last updated on 2024-08-31 23:49:07 CEST.
Flavor | Version | Tinstall | Tcheck | Ttotal | Status | Flags |
---|---|---|---|---|---|---|
r-devel-linux-x86_64-debian-clang | 0.2 | 1.45 | 15.41 | 16.86 | NOTE | |
r-devel-linux-x86_64-debian-gcc | 0.2 | 1.33 | 12.53 | 13.86 | NOTE | |
r-devel-linux-x86_64-fedora-clang | 0.2 | 27.69 | NOTE | |||
r-devel-linux-x86_64-fedora-gcc | 0.2 | 25.39 | NOTE | |||
r-devel-windows-x86_64 | 0.2 | 2.00 | 33.00 | 35.00 | NOTE | |
r-patched-linux-x86_64 | 0.2 | 1.35 | 14.81 | 16.16 | NOTE | |
r-release-linux-x86_64 | 0.2 | 1.33 | 14.87 | 16.20 | NOTE | |
r-release-macos-arm64 | 0.2 | 12.00 | NOTE | |||
r-release-macos-x86_64 | 0.2 | 18.00 | NOTE | |||
r-release-windows-x86_64 | 0.2 | 2.00 | 33.00 | 35.00 | NOTE | |
r-oldrel-macos-arm64 | 0.2 | 13.00 | NOTE | |||
r-oldrel-macos-x86_64 | 0.2 | 17.00 | NOTE | |||
r-oldrel-windows-x86_64 | 0.2 | 3.00 | 31.00 | 34.00 | NOTE |
Version: 0.2
Check: LazyData
Result: NOTE
'LazyData' is specified without a 'data' directory
Flavors: r-devel-linux-x86_64-debian-clang, r-devel-linux-x86_64-debian-gcc, r-devel-linux-x86_64-fedora-clang, r-devel-linux-x86_64-fedora-gcc, r-devel-windows-x86_64, r-patched-linux-x86_64, r-release-linux-x86_64, r-release-macos-arm64, r-release-macos-x86_64, r-release-windows-x86_64, r-oldrel-macos-arm64, r-oldrel-macos-x86_64, r-oldrel-windows-x86_64