Last updated on 2024-08-16 11:49:43 CEST.
Flavor | Version | Tinstall | Tcheck | Ttotal | Status | Flags |
---|---|---|---|---|---|---|
r-devel-linux-x86_64-debian-clang | 1.5.5 | 436.69 | 260.15 | 696.84 | NOTE | |
r-devel-linux-x86_64-debian-gcc | 1.5.5 | 326.20 | 165.80 | 492.00 | NOTE | |
r-devel-linux-x86_64-fedora-clang | 1.5.5 | 1234.73 | NOTE | |||
r-devel-linux-x86_64-fedora-gcc | 1.5.5 | 1429.22 | NOTE | |||
r-devel-windows-x86_64 | 1.5.5 | 469.00 | 329.00 | 798.00 | NOTE | |
r-patched-linux-x86_64 | 1.5.5 | 462.78 | 254.92 | 717.70 | NOTE | |
r-release-linux-x86_64 | 1.5.5 | 453.31 | 252.65 | 705.96 | NOTE | |
r-release-macos-arm64 | 1.5.5 | 309.00 | NOTE | |||
r-release-macos-x86_64 | 1.5.5 | 342.00 | NOTE | |||
r-release-windows-x86_64 | 1.5.5 | 472.00 | 332.00 | 804.00 | NOTE | |
r-oldrel-macos-arm64 | 1.5.5 | 305.00 | NOTE | |||
r-oldrel-macos-x86_64 | 1.5.5 | 414.00 | NOTE | |||
r-oldrel-windows-x86_64 | 1.5.5 | 560.00 | 414.00 | 974.00 | NOTE |
Version: 1.5.5
Check: Rd cross-references
Result: NOTE
Found the following Rd file(s) with Rd \link{} targets missing package
anchors:
lessSEM.Rd: Stat
Please provide package anchors for all Rd \link{} targets not in the
package itself and the base packages.
Flavors: r-devel-linux-x86_64-debian-clang, r-devel-linux-x86_64-debian-gcc, r-devel-windows-x86_64
Version: 1.5.5
Check: for GNU extensions in Makefiles
Result: NOTE
GNU make is a SystemRequirements.
Flavors: r-devel-linux-x86_64-debian-clang, r-devel-linux-x86_64-debian-gcc, r-devel-linux-x86_64-fedora-clang, r-devel-linux-x86_64-fedora-gcc, r-devel-windows-x86_64, r-patched-linux-x86_64, r-release-linux-x86_64, r-release-macos-arm64, r-release-macos-x86_64, r-release-windows-x86_64, r-oldrel-macos-arm64, r-oldrel-macos-x86_64, r-oldrel-windows-x86_64
Version: 1.5.5
Check: installed package size
Result: NOTE
installed size is 7.1Mb
sub-directories of 1Mb or more:
help 1.1Mb
libs 4.2Mb
Flavors: r-devel-linux-x86_64-fedora-clang, r-devel-windows-x86_64, r-release-macos-arm64, r-release-macos-x86_64, r-release-windows-x86_64, r-oldrel-macos-arm64, r-oldrel-macos-x86_64, r-oldrel-windows-x86_64