Last updated on 2023-09-28 11:55:36 CEST.
Flavor | Version | Tinstall | Tcheck | Ttotal | Status | Flags |
---|---|---|---|---|---|---|
r-devel-linux-x86_64-debian-clang | 0.1.0 | 2.37 | 51.15 | 53.52 | OK | |
r-devel-linux-x86_64-debian-gcc | 0.1.0 | 1.62 | 36.50 | 38.12 | OK | |
r-devel-linux-x86_64-fedora-clang | 0.1.0 | 64.30 | NOTE | |||
r-devel-linux-x86_64-fedora-gcc | 0.1.0 | 74.19 | NOTE | |||
r-devel-windows-x86_64 | 0.1.0 | 4.00 | 59.00 | 63.00 | OK | |
r-patched-linux-x86_64 | 0.1.0 | 2.40 | 46.99 | 49.39 | OK | |
r-release-linux-x86_64 | 0.1.0 | 2.57 | 46.33 | 48.90 | OK | |
r-release-macos-arm64 | 0.1.0 | 29.00 | OK | |||
r-release-macos-x86_64 | 0.1.0 | 48.00 | OK | |||
r-release-windows-x86_64 | 0.1.0 | 4.00 | 71.00 | 75.00 | OK | |
r-oldrel-macos-arm64 | 0.1.0 | 22.00 | NOTE | |||
r-oldrel-macos-x86_64 | 0.1.0 | 30.00 | NOTE | |||
r-oldrel-windows-x86_64 | 0.1.0 | 5.00 | 76.00 | 81.00 | OK |
Version: 0.1.0
Check: dependencies in R code
Result: NOTE
Namespaces in Imports field not imported from:
‘cli’ ‘glue’ ‘stringr’
All declared Imports should be used.
Flavors: r-devel-linux-x86_64-fedora-clang, r-devel-linux-x86_64-fedora-gcc, r-oldrel-macos-arm64, r-oldrel-macos-x86_64