CRAN Package Check Results for Package lfe

Last updated on 2021-05-14 23:50:50 CEST.

Flavor Version Tinstall Tcheck Ttotal Status Flags
r-devel-linux-x86_64-debian-clang 2.8-6 21.52 233.42 254.94 OK
r-devel-linux-x86_64-debian-gcc 2.8-6 14.16 182.51 196.67 OK
r-devel-linux-x86_64-fedora-clang 2.8-6 323.07 OK
r-devel-linux-x86_64-fedora-gcc 2.8-6 320.10 OK
r-devel-windows-ix86+x86_64 2.8-6 51.00 295.00 346.00 OK
r-devel-windows-x86_64-gcc10-UCRT 2.8-6 OK
r-patched-linux-x86_64 2.8-6 19.00 228.22 247.22 OK
r-patched-solaris-x86 2.8-6 327.70 NOTE --no-vignettes
r-release-linux-x86_64 2.8-6 17.60 222.45 240.05 OK
r-release-macos-x86_64 2.8-6 OK
r-release-windows-ix86+x86_64 2.8-6 42.00 412.00 454.00 OK
r-oldrel-macos-x86_64 2.8-6 OK
r-oldrel-windows-ix86+x86_64 2.8-6 33.00 390.00 423.00 OK

Check Details

Version: 2.8-6
Flags: --no-vignettes
Check: compilation flags used
Result: NOTE
    Compilation used the following non-portable flag(s):
     ‘-mt’
Flavor: r-patched-solaris-x86