CRAN Package Check Results for Package lfmm

Last updated on 2022-10-07 11:52:23 CEST.

Flavor Version Tinstall Tcheck Ttotal Status Flags
r-devel-linux-x86_64-debian-clang 1.1 44.38 201.70 246.08 OK
r-devel-linux-x86_64-debian-gcc 1.1 34.39 145.22 179.61 OK
r-devel-linux-x86_64-fedora-clang 1.1 314.81 NOTE
r-devel-linux-x86_64-fedora-gcc 1.1 304.80 NOTE
r-devel-windows-x86_64 1.1 39.00 245.00 284.00 OK
r-patched-linux-x86_64 1.1 41.68 188.51 230.19 OK
r-release-linux-x86_64 1.1 39.33 190.06 229.39 OK
r-release-macos-arm64 1.1 85.00 NOTE
r-release-macos-x86_64 1.1 164.00 NOTE
r-release-windows-x86_64 1.1 45.00 239.00 284.00 OK
r-oldrel-macos-arm64 1.1 115.00 NOTE
r-oldrel-macos-x86_64 1.1 117.00 NOTE
r-oldrel-windows-ix86+x86_64 1.1 98.00 363.00 461.00 OK

Check Details

Version: 1.1
Check: dependencies in R code
Result: NOTE
    Namespaces in Imports field not imported from:
     ‘ggplot2’ ‘knitr’ ‘purrr’ ‘rmarkdown’
     All declared Imports should be used.
Flavors: r-devel-linux-x86_64-fedora-clang, r-devel-linux-x86_64-fedora-gcc, r-release-macos-arm64, r-release-macos-x86_64, r-oldrel-macos-arm64, r-oldrel-macos-x86_64

Version: 1.1
Check: installed package size
Result: NOTE
     installed size is 12.8Mb
     sub-directories of 1Mb or more:
     data 1.8Mb
     libs 10.5Mb
Flavors: r-release-macos-arm64, r-release-macos-x86_64, r-oldrel-macos-arm64, r-oldrel-macos-x86_64