Last updated on 2024-03-29 11:53:56 CET.
Flavor | Version | Tinstall | Tcheck | Ttotal | Status | Flags |
---|---|---|---|---|---|---|
r-devel-linux-x86_64-debian-clang | 1.1 | 51.83 | 171.27 | 223.10 | OK | |
r-devel-linux-x86_64-debian-gcc | 1.1 | 35.21 | 144.00 | 179.21 | OK | |
r-devel-linux-x86_64-fedora-clang | 1.1 | 279.85 | NOTE | |||
r-devel-linux-x86_64-fedora-gcc | 1.1 | 328.21 | NOTE | |||
r-devel-windows-x86_64 | 1.1 | 35.00 | 178.00 | 213.00 | OK | |
r-patched-linux-x86_64 | 1.1 | 38.77 | 202.10 | 240.87 | OK | |
r-release-linux-x86_64 | 1.1 | 32.48 | 192.55 | 225.03 | OK | |
r-release-macos-arm64 | 1.1 | 110.00 | NOTE | |||
r-release-macos-x86_64 | 1.1 | 156.00 | NOTE | |||
r-release-windows-x86_64 | 1.1 | 45.00 | 222.00 | 267.00 | OK | |
r-oldrel-macos-arm64 | 1.1 | 85.00 | NOTE | |||
r-oldrel-windows-x86_64 | 1.1 | 46.00 | 216.00 | 262.00 | OK |
Version: 1.1
Check: dependencies in R code
Result: NOTE
Namespaces in Imports field not imported from:
‘ggplot2’ ‘knitr’ ‘purrr’ ‘rmarkdown’
All declared Imports should be used.
Flavors: r-devel-linux-x86_64-fedora-clang, r-devel-linux-x86_64-fedora-gcc, r-oldrel-macos-arm64
Version: 1.1
Check: installed package size
Result: NOTE
installed size is 12.8Mb
sub-directories of 1Mb or more:
data 1.8Mb
libs 10.5Mb
Flavors: r-release-macos-arm64, r-release-macos-x86_64, r-oldrel-macos-arm64