CRAN Package Check Results for Package lgarch

Last updated on 2023-12-01 17:52:37 CET.

Flavor Version Tinstall Tcheck Ttotal Status Flags
r-devel-linux-x86_64-debian-clang 0.6-2 5.12 37.72 42.84 OK
r-devel-linux-x86_64-debian-gcc 0.6-2 4.27 30.56 34.83 OK
r-devel-linux-x86_64-fedora-clang 0.6-2 54.11 NOTE
r-devel-linux-x86_64-fedora-gcc 0.6-2 52.09 NOTE
r-devel-windows-x86_64 0.6-2 7.00 57.00 64.00 OK
r-patched-linux-x86_64 0.6-2 5.75 36.78 42.53 OK
r-release-linux-x86_64 0.6-2 5.48 36.46 41.94 OK
r-release-macos-arm64 0.6-2 24.00 OK
r-release-macos-x86_64 0.6-2 33.00 OK
r-release-windows-x86_64 0.6-2 8.00 59.00 67.00 OK
r-oldrel-macos-arm64 0.6-2 23.00 OK
r-oldrel-macos-x86_64 0.6-2 30.00 OK
r-oldrel-windows-x86_64 0.6-2 7.00 62.00 69.00 OK

Check Details

Version: 0.6-2
Check: compiled code
Result: NOTE File ‘lgarch/libs/lgarch.so’: Found no calls to: ‘R_registerRoutines’, ‘R_useDynamicSymbols’ It is good practice to register native routines and to disable symbol search. See ‘Writing portable packages’ in the ‘Writing R Extensions’ manual. Flavors: r-devel-linux-x86_64-fedora-clang, r-devel-linux-x86_64-fedora-gcc