CRAN Package Check Results for Package lgr

Last updated on 2021-09-17 05:52:36 CEST.

Flavor Version Tinstall Tcheck Ttotal Status Flags
r-devel-linux-x86_64-debian-clang 0.4.2 16.16 66.38 82.54 NOTE
r-devel-linux-x86_64-debian-gcc 0.4.2 13.58 52.43 66.01 NOTE
r-devel-linux-x86_64-fedora-clang 0.4.3 114.33 OK
r-devel-linux-x86_64-fedora-gcc 0.4.3 101.92 OK
r-devel-windows-x86_64 0.4.2 25.00 98.00 123.00 NOTE
r-devel-windows-x86_64-gcc10-UCRT 0.4.2 NOTE
r-patched-linux-x86_64 0.4.2 19.45 61.98 81.43 NOTE
r-patched-solaris-x86 0.4.3 137.50 OK
r-release-linux-x86_64 0.4.2 17.08 62.16 79.24 NOTE
r-release-macos-arm64 0.4.2 ERROR
r-release-macos-x86_64 0.4.2 NOTE
r-release-windows-ix86+x86_64 0.4.2 31.00 64.00 95.00 NOTE
r-oldrel-macos-x86_64 0.4.2 OK
r-oldrel-windows-ix86+x86_64 0.4.2 24.00 86.00 110.00 OK

Check Details

Version: 0.4.2
Check: LazyData
Result: NOTE
     'LazyData' is specified without a 'data' directory
Flavors: r-devel-linux-x86_64-debian-clang, r-devel-linux-x86_64-debian-gcc, r-devel-windows-x86_64, r-devel-windows-x86_64-gcc10-UCRT, r-patched-linux-x86_64, r-release-linux-x86_64, r-release-macos-arm64, r-release-macos-x86_64, r-release-windows-ix86+x86_64

Version: 0.4.2
Check: tests
Result: ERROR
     Running ‘testthat.R’ [5s/7s]
    Running the tests in ‘tests/testthat.R’ failed.
    Last 13 lines of output:
     lo\$format_event\(tevent\) does not match "ERROR .*2018-11-02 .*:19:33.*\\.* foo bar".
     Actual value: "ERROR \[2018-11-03 05:19:33\.930\] foo bar"
     Backtrace:
     █
     1. └─testthat::expect_match(lo$format_event(tevent), "ERROR .*2018-11-02 .*:19:33.*\\.* foo bar") test_Layout.R:25:2
     2. └─testthat:::expect_match_(...)
     ── Failure (test_Layout.R:29:3): LayoutFormat works as expected ────────────────
     lo$format_event(tevent) not identical to "[2018-11-02]".
     1/1 mismatches
     x[1]: "[2018-11-03]"
     y[1]: "[2018-11-02]"
    
     [ FAIL 2 | WARN 2 | SKIP 2 | PASS 555 ]
     Error: Test failures
     Execution halted
Flavor: r-release-macos-arm64