Last updated on 2024-08-16 11:49:43 CEST.
Flavor | Version | Tinstall | Tcheck | Ttotal | Status | Flags |
---|---|---|---|---|---|---|
r-devel-linux-x86_64-debian-clang | 0.0.8 | 11.74 | 42.29 | 54.03 | NOTE | |
r-devel-linux-x86_64-debian-gcc | 0.0.8 | 9.12 | 32.54 | 41.66 | NOTE | |
r-devel-linux-x86_64-fedora-clang | 0.0.8 | 88.30 | OK | |||
r-devel-linux-x86_64-fedora-gcc | 0.0.8 | 85.11 | OK | |||
r-devel-windows-x86_64 | 0.0.8 | 13.00 | 72.00 | 85.00 | NOTE | |
r-patched-linux-x86_64 | 0.0.8 | 13.69 | 40.19 | 53.88 | OK | |
r-release-linux-x86_64 | 0.0.8 | 13.43 | 40.58 | 54.01 | OK | |
r-release-macos-arm64 | 0.0.8 | 31.00 | OK | |||
r-release-macos-x86_64 | 0.0.8 | 40.00 | OK | |||
r-release-windows-x86_64 | 0.0.8 | 13.00 | 72.00 | 85.00 | NOTE | |
r-oldrel-macos-arm64 | 0.0.8 | 31.00 | OK | |||
r-oldrel-macos-x86_64 | 0.0.8 | 50.00 | OK | |||
r-oldrel-windows-x86_64 | 0.0.8 | 12.00 | 84.00 | 96.00 | NOTE |
Version: 0.0.8
Check: Rd cross-references
Result: NOTE
Found the following Rd file(s) with Rd \link{} targets missing package
anchors:
AppenderDbi.Rd: LogEvent, AppenderBuffer
AppenderDigest.Rd: Layout, LogEvent, LayoutFormat, LayoutGlue
AppenderDt.Rd: AppenderBuffer, LogEvent
AppenderElasticSearch.Rd: AppenderBuffer
AppenderGmail.Rd: AppenderBuffer, LayoutFormat, LayoutGlue
AppenderPushbullet.Rd: AppenderBuffer, LayoutFormat, LayoutGlue
AppenderSendmail.Rd: AppenderBuffer, LayoutFormat, LayoutGlue
AppenderSyslog.Rd: log_levels, LayoutFormat, LayoutJson
LayoutDbi.Rd: as.data.table.LogEvent
Please provide package anchors for all Rd \link{} targets not in the
package itself and the base packages.
Flavors: r-devel-linux-x86_64-debian-clang, r-devel-linux-x86_64-debian-gcc, r-devel-windows-x86_64
Version: 0.0.8
Check: package dependencies
Result: NOTE
Package suggested but not available for checking: 'rsyslog'
Flavors: r-devel-windows-x86_64, r-release-windows-x86_64, r-oldrel-windows-x86_64