CRAN Package Check Results for Package libgeos

Last updated on 2024-02-27 12:50:40 CET.

Flavor Version Tinstall Tcheck Ttotal Status Flags
r-devel-linux-x86_64-debian-clang 3.11.1-2 905.75 25.29 931.04 OK
r-devel-linux-x86_64-debian-gcc 3.11.1-2 695.94 19.81 715.75 OK
r-devel-linux-x86_64-fedora-clang 3.11.1-2 1767.79 OK
r-devel-linux-x86_64-fedora-gcc 3.11.1-2 1393.61 OK
r-devel-windows-x86_64 3.11.1-2 640.00 97.00 737.00 OK
r-patched-linux-x86_64 3.11.1-2 889.57 24.86 914.43 OK
r-release-linux-x86_64 3.11.1-2 879.39 25.04 904.43 OK
r-release-macos-arm64 3.11.1-2 254.00 NOTE
r-release-macos-x86_64 3.11.1-2 175.00 NOTE
r-release-windows-x86_64 3.11.1-2 662.00 108.00 770.00 OK
r-oldrel-macos-arm64 3.11.1-2 252.00 NOTE
r-oldrel-windows-x86_64 3.11.1-2 747.00 98.00 845.00 OK

Check Details

Version: 3.11.1-2
Check: installed package size
Result: NOTE installed size is 43.5Mb sub-directories of 1Mb or more: libs 43.3Mb Flavors: r-release-macos-arm64, r-release-macos-x86_64, r-oldrel-macos-arm64