CRAN Package Check Results for Package libstable4u

Last updated on 2024-04-22 17:56:53 CEST.

Flavor Version Tinstall Tcheck Ttotal Status Flags
r-devel-linux-x86_64-debian-clang 1.0.3 23.79 31.77 55.56 NOTE
r-devel-linux-x86_64-debian-gcc 1.0.3 19.46 24.46 43.92 NOTE
r-devel-linux-x86_64-fedora-clang 1.0.3 78.82 NOTE
r-devel-linux-x86_64-fedora-gcc 1.0.3 76.79 NOTE
r-prerel-macos-arm64 1.0.3 26.00 NOTE
r-prerel-windows-x86_64 1.0.3 25.00 71.00 96.00 NOTE
r-patched-linux-x86_64 1.0.3 22.81 30.61 53.42 NOTE
r-release-linux-x86_64 1.0.3 24.06 30.08 54.14 OK
r-release-macos-arm64 1.0.3 28.00 OK
r-release-macos-x86_64 1.0.3 53.00 NOTE
r-release-windows-x86_64 1.0.3 28.00 81.00 109.00 OK
r-oldrel-macos-arm64 1.0.3 30.00 OK
r-oldrel-windows-x86_64 1.0.3 27.00 79.00 106.00 OK

Check Details

Version: 1.0.3
Check: Rd files
Result: NOTE checkRd: (-1) libstable4u-package.Rd:16: Lost braces; missing escapes or markup? 16 | \item Fast and accurate evaluation of the quantile function (CDF^{-1}). | ^ Flavors: r-devel-linux-x86_64-debian-clang, r-devel-linux-x86_64-debian-gcc, r-devel-linux-x86_64-fedora-clang, r-devel-linux-x86_64-fedora-gcc, r-prerel-macos-arm64, r-prerel-windows-x86_64, r-patched-linux-x86_64

Version: 1.0.3
Check: installed package size
Result: NOTE installed size is 5.1Mb sub-directories of 1Mb or more: libs 5.0Mb Flavor: r-release-macos-x86_64