CRAN Package Check Results for Package lidR

Last updated on 2021-05-14 23:50:50 CEST.

Flavor Version Tinstall Tcheck Ttotal Status Flags
r-devel-linux-x86_64-debian-clang 3.1.2 127.80 271.51 399.31 NOTE
r-devel-linux-x86_64-debian-gcc 3.1.2 89.83 201.50 291.33 NOTE
r-devel-linux-x86_64-fedora-clang 3.1.2 501.48 NOTE
r-devel-linux-x86_64-fedora-gcc 3.1.2 501.52 NOTE
r-devel-windows-ix86+x86_64 3.1.2 263.00 376.00 639.00 NOTE
r-devel-windows-x86_64-gcc10-UCRT 3.1.2 ERROR
r-patched-linux-x86_64 3.1.2 106.37 256.47 362.84 NOTE
r-patched-solaris-x86 3.1.2 547.10 NOTE
r-release-linux-x86_64 3.1.2 105.85 252.68 358.53 OK
r-release-macos-x86_64 3.1.2 NOTE
r-release-windows-ix86+x86_64 3.1.2 194.00 508.00 702.00 NOTE
r-oldrel-macos-x86_64 3.1.2 NOTE
r-oldrel-windows-ix86+x86_64 3.1.2 249.00 532.00 781.00 NOTE

Check Details

Version: 3.1.2
Check: LazyData
Result: NOTE
     'LazyData' is specified without a 'data' directory
Flavors: r-devel-linux-x86_64-debian-clang, r-devel-linux-x86_64-debian-gcc, r-devel-linux-x86_64-fedora-clang, r-devel-linux-x86_64-fedora-gcc, r-devel-windows-ix86+x86_64, r-devel-windows-x86_64-gcc10-UCRT, r-patched-linux-x86_64, r-patched-solaris-x86

Version: 3.1.2
Check: installed package size
Result: NOTE
     installed size is 12.0Mb
     sub-directories of 1Mb or more:
     doc 1.0Mb
     extdata 1.1Mb
     libs 8.2Mb
Flavors: r-devel-linux-x86_64-fedora-clang, r-devel-windows-ix86+x86_64, r-patched-solaris-x86, r-release-macos-x86_64, r-release-windows-ix86+x86_64, r-oldrel-macos-x86_64, r-oldrel-windows-ix86+x86_64

Version: 3.1.2
Check: tests
Result: ERROR
     Running 'testthat.R'
    Running the tests in 'tests/testthat.R' failed.
    Last 13 lines of output:
     Loading required package: sp
     > test_check("lidR")
     proj_create: crs not found
     proj_create: crs not found
     == Skipped tests ===============================================================
     * On CRAN (25)
    
     == Failed tests ================================================================
     -- Failure (test-grid_canopy.R:101:3): grid_canopy pit-free works both with LAS and LAScatalog --
     `x` not equal to `y`.
     Attributes: < Component "data": Attributes: < Component "values": Mean relative difference: 0.02083333 > >
    
     [ FAIL 1 | WARN 0 | SKIP 25 | PASS 1245 ]
     Error: Test failures
     Execution halted
Flavor: r-devel-windows-x86_64-gcc10-UCRT