Last updated on 2021-01-24 05:48:13 CET.
Flavor | Version | Tinstall | Tcheck | Ttotal | Status | Flags |
---|---|---|---|---|---|---|
r-devel-linux-x86_64-debian-clang | 0.5.1 | 50.85 | 172.41 | 223.26 | OK | |
r-devel-linux-x86_64-debian-gcc | 0.5.1 | 32.51 | 137.58 | 170.09 | OK | |
r-devel-linux-x86_64-fedora-clang | 0.5.1 | 282.75 | OK | |||
r-devel-linux-x86_64-fedora-gcc | 0.5.1 | 276.35 | OK | |||
r-devel-windows-ix86+x86_64 | 0.5.1 | 119.00 | 247.00 | 366.00 | OK | |
r-patched-linux-x86_64 | 0.5.1 | 38.99 | 169.00 | 207.99 | OK | |
r-patched-solaris-x86 | 0.5.1 | 528.10 | WARN | |||
r-release-linux-x86_64 | 0.5.1 | 39.06 | 169.75 | 208.81 | OK | |
r-release-macos-x86_64 | 0.5.1 | WARN | ||||
r-release-windows-ix86+x86_64 | 0.5.1 | 105.00 | 322.00 | 427.00 | OK | |
r-oldrel-macos-x86_64 | 0.5.1 | WARN | ||||
r-oldrel-windows-ix86+x86_64 | 0.5.1 | 92.00 | 281.00 | 373.00 | OK |
Version: 0.5.1
Check: re-building of vignette outputs
Result: WARN
Error(s) in re-building vignettes:
...
--- re-building ‘Understanding_lime.Rmd’ using rmarkdown
Warning in engine$weave(file, quiet = quiet, encoding = enc) :
Pandoc (>= 1.12.3) and/or pandoc-citeproc not available. Falling back to R Markdown v1.
Quitting from lines 262-263 (Understanding_lime.Rmd)
Error: processing vignette 'Understanding_lime.Rmd' failed with diagnostics:
there is no package called 'webshot'
--- failed re-building ‘Understanding_lime.Rmd’
SUMMARY: processing the following file failed:
‘Understanding_lime.Rmd’
Error: Vignette re-building failed.
Execution halted
Flavor: r-patched-solaris-x86
Version: 0.5.1
Check: re-building of vignette outputs
Result: WARN
Error(s) in re-building vignettes:
...
--- re-building ‘Understanding_lime.Rmd’ using rmarkdown
Warning in engine$weave(file, quiet = quiet, encoding = enc) :
Pandoc (>= 1.12.3) and/or pandoc-citeproc not available. Falling back to R Markdown v1.
Quitting from lines 262-263 (Understanding_lime.Rmd)
Error: processing vignette 'Understanding_lime.Rmd' failed with diagnostics:
cannot open the connection
--- failed re-building ‘Understanding_lime.Rmd’
SUMMARY: processing the following file failed:
‘Understanding_lime.Rmd’
Error: Vignette re-building failed.
Execution halted
Flavors: r-release-macos-x86_64, r-oldrel-macos-x86_64