CRAN Package Check Results for Package liminal

Last updated on 2023-02-01 06:56:16 CET.

Flavor Version Tinstall Tcheck Ttotal Status Flags
r-devel-linux-x86_64-debian-clang 0.1.2 7.33 92.06 99.39 OK
r-devel-linux-x86_64-debian-gcc 0.1.2 5.46 70.52 75.98 OK
r-devel-linux-x86_64-fedora-clang 0.1.2 120.27 NOTE
r-devel-linux-x86_64-fedora-gcc 0.1.2 134.32 OK
r-devel-windows-x86_64 0.1.2 35.00 145.00 180.00 OK
r-patched-linux-x86_64 0.1.2 11.44 93.69 105.13 OK
r-release-linux-x86_64 0.1.2 7.38 91.40 98.78 OK
r-release-macos-arm64 0.1.2 43.00 OK
r-release-macos-x86_64 0.1.2 75.00 OK
r-release-windows-x86_64 0.1.2 23.00 142.00 165.00 OK
r-oldrel-macos-arm64 0.1.2 59.00 OK
r-oldrel-macos-x86_64 0.1.2 62.00 OK
r-oldrel-windows-ix86+x86_64 0.1.2 15.00 131.00 146.00 OK

Check Details

Version: 0.1.2
Check: Rd cross-references
Result: NOTE
    Undeclared package ‘tidyselect’ in Rd xrefs
Flavor: r-devel-linux-x86_64-fedora-clang