Last updated on 2023-12-03 17:53:40 CET.
Flavor | Version | Tinstall | Tcheck | Ttotal | Status | Flags |
---|---|---|---|---|---|---|
r-devel-linux-x86_64-debian-clang | 0.1.2 | 6.12 | 91.17 | 97.29 | OK | |
r-devel-linux-x86_64-debian-gcc | 0.1.2 | 5.25 | 70.14 | 75.39 | OK | |
r-devel-linux-x86_64-fedora-clang | 0.1.2 | 120.65 | NOTE | |||
r-devel-linux-x86_64-fedora-gcc | 0.1.2 | 131.94 | OK | |||
r-devel-windows-x86_64 | 0.1.2 | 7.00 | 97.00 | 104.00 | OK | |
r-patched-linux-x86_64 | 0.1.2 | 10.34 | 92.92 | 103.26 | OK | |
r-release-linux-x86_64 | 0.1.2 | 4.50 | 91.58 | 96.08 | OK | |
r-release-macos-arm64 | 0.1.2 | 57.00 | OK | |||
r-release-macos-x86_64 | 0.1.2 | 78.00 | OK | |||
r-release-windows-x86_64 | 0.1.2 | 9.00 | 114.00 | 123.00 | OK | |
r-oldrel-macos-arm64 | 0.1.2 | 43.00 | OK | |||
r-oldrel-macos-x86_64 | 0.1.2 | 75.00 | OK | |||
r-oldrel-windows-x86_64 | 0.1.2 | 10.00 | 118.00 | 128.00 | OK |
Version: 0.1.2
Check: Rd cross-references
Result: NOTE
Undeclared package ‘tidyselect’ in Rd xrefs
Flavor: r-devel-linux-x86_64-fedora-clang