CRAN Package Check Results for Package lindia

Last updated on 2022-09-27 11:51:17 CEST.

Flavor Version Tinstall Tcheck Ttotal Status Flags
r-devel-linux-x86_64-debian-clang 0.9 5.23 68.53 73.76 NOTE
r-devel-linux-x86_64-debian-gcc 0.9 4.61 51.70 56.31 NOTE
r-devel-linux-x86_64-fedora-clang 0.9 99.53 NOTE
r-devel-linux-x86_64-fedora-gcc 0.9 96.04 NOTE
r-devel-windows-x86_64 0.9 14.00 100.00 114.00 NOTE
r-patched-linux-x86_64 0.9 5.08 64.68 69.76 NOTE
r-release-linux-x86_64 0.9 4.90 63.96 68.86 NOTE
r-release-macos-arm64 0.9 25.00 NOTE
r-release-macos-x86_64 0.9 53.00 NOTE
r-release-windows-x86_64 0.9 13.00 98.00 111.00 NOTE
r-oldrel-macos-arm64 0.9 37.00 NOTE
r-oldrel-macos-x86_64 0.9 47.00 NOTE
r-oldrel-windows-ix86+x86_64 0.9 15.00 91.00 106.00 NOTE

Check Details

Version: 0.9
Check: LazyData
Result: NOTE
     'LazyData' is specified without a 'data' directory
Flavors: r-devel-linux-x86_64-debian-clang, r-devel-linux-x86_64-debian-gcc, r-devel-linux-x86_64-fedora-clang, r-devel-linux-x86_64-fedora-gcc, r-devel-windows-x86_64, r-patched-linux-x86_64, r-release-linux-x86_64, r-release-macos-arm64, r-release-macos-x86_64, r-release-windows-x86_64, r-oldrel-macos-arm64, r-oldrel-macos-x86_64, r-oldrel-windows-ix86+x86_64