Last updated on 2023-09-28 11:55:36 CEST.
Flavor | Version | Tinstall | Tcheck | Ttotal | Status | Flags |
---|---|---|---|---|---|---|
r-devel-linux-x86_64-debian-clang | 1.1.15 | 5.92 | 88.64 | 94.56 | OK | |
r-devel-linux-x86_64-debian-gcc | 1.1.15 | 7.24 | 68.44 | 75.68 | OK | |
r-devel-linux-x86_64-fedora-clang | 1.1.15 | 119.85 | NOTE | |||
r-devel-linux-x86_64-fedora-gcc | 1.1.15 | 129.19 | NOTE | |||
r-devel-windows-x86_64 | 1.1.15 | 10.00 | 108.00 | 118.00 | OK | |
r-patched-linux-x86_64 | 1.1.15 | 12.37 | 86.58 | 98.95 | OK | |
r-release-linux-x86_64 | 1.1.15 | 5.42 | 87.72 | 93.14 | OK | |
r-release-macos-arm64 | 1.1.15 | 48.00 | OK | |||
r-release-macos-x86_64 | 1.1.15 | 87.00 | OK | |||
r-release-windows-x86_64 | 1.1.15 | 13.00 | 124.00 | 137.00 | OK | |
r-oldrel-macos-arm64 | 1.1.15 | 45.00 | OK | |||
r-oldrel-macos-x86_64 | 1.1.15 | 63.00 | OK | |||
r-oldrel-windows-x86_64 | 1.1.15 | 13.00 | 122.00 | 135.00 | OK |
Version: 1.1.15
Check: Rd cross-references
Result: NOTE
Undeclared package ‘magrittr’ in Rd xrefs
Flavor: r-devel-linux-x86_64-fedora-clang
Version: 1.1.15
Check: data for non-ASCII characters
Result: NOTE
Note: found 60714 marked UTF-8 strings
Flavors: r-devel-linux-x86_64-fedora-clang, r-devel-linux-x86_64-fedora-gcc