CRAN Package Check Results for Package linguisticsdown

Last updated on 2022-10-07 11:52:24 CEST.

Flavor Version Tinstall Tcheck Ttotal Status Flags
r-devel-linux-x86_64-debian-clang 1.2.0 4.21 42.46 46.67 NOTE
r-devel-linux-x86_64-debian-gcc 1.2.0 3.49 32.99 36.48 NOTE
r-devel-linux-x86_64-fedora-clang 1.2.0 68.95 NOTE
r-devel-linux-x86_64-fedora-gcc 1.2.0 66.59 NOTE
r-devel-windows-x86_64 1.2.0 13.00 68.00 81.00 NOTE
r-patched-linux-x86_64 1.2.0 3.51 40.25 43.76 NOTE
r-release-linux-x86_64 1.2.0 4.40 40.10 44.50 NOTE
r-release-macos-arm64 1.2.0 19.00 NOTE
r-release-macos-x86_64 1.2.0 40.00 NOTE
r-release-windows-x86_64 1.2.0 28.00 71.00 99.00 NOTE
r-oldrel-macos-arm64 1.2.0 26.00 NOTE
r-oldrel-macos-x86_64 1.2.0 34.00 NOTE
r-oldrel-windows-ix86+x86_64 1.2.0 13.00 68.00 81.00 NOTE

Check Details

Version: 1.2.0
Check: LazyData
Result: NOTE
     'LazyData' is specified without a 'data' directory
Flavors: r-devel-linux-x86_64-debian-clang, r-devel-linux-x86_64-debian-gcc, r-devel-linux-x86_64-fedora-clang, r-devel-linux-x86_64-fedora-gcc, r-devel-windows-x86_64, r-patched-linux-x86_64, r-release-linux-x86_64, r-release-macos-arm64, r-release-macos-x86_64, r-release-windows-x86_64, r-oldrel-macos-arm64, r-oldrel-macos-x86_64, r-oldrel-windows-ix86+x86_64