CRAN Package Check Results for Package listenv

Last updated on 2019-05-21 11:51:39 CEST.

Flavor Version Tinstall Tcheck Ttotal Status Flags
r-devel-linux-x86_64-debian-clang 0.7.0 2.84 28.94 31.78 OK
r-devel-linux-x86_64-debian-gcc 0.7.0 2.16 0.39 2.55 FAIL
r-devel-linux-x86_64-fedora-clang 0.7.0 39.38 OK
r-devel-linux-x86_64-fedora-gcc 0.7.0 37.60 OK
r-devel-windows-ix86+x86_64 0.7.0 10.00 48.00 58.00 OK
r-patched-linux-x86_64 0.7.0 2.75 29.36 32.11 OK
r-patched-solaris-x86 0.7.0 59.60 OK
r-release-linux-x86_64 0.7.0 2.88 29.46 32.34 OK
r-release-windows-ix86+x86_64 0.7.0 5.00 57.00 62.00 OK
r-release-osx-x86_64 0.7.0 OK
r-oldrel-windows-ix86+x86_64 0.7.0 4.00 43.00 47.00 OK
r-oldrel-osx-x86_64 0.7.0 OK

Check Details

Version: 0.7.0
Check: package dependencies
Result: FAIL
    
Flavor: r-devel-linux-x86_64-debian-gcc