CRAN Package Check Results for Package liteq

Last updated on 2021-04-15 05:47:59 CEST.

Flavor Version Tinstall Tcheck Ttotal Status Flags
r-devel-linux-x86_64-debian-clang 1.1.0 4.30 41.36 45.66 NOTE
r-devel-linux-x86_64-debian-gcc 1.1.0 3.40 32.28 35.68 NOTE
r-devel-linux-x86_64-fedora-clang 1.1.0 67.09 NOTE
r-devel-linux-x86_64-fedora-gcc 1.1.0 54.42 NOTE
r-devel-windows-ix86+x86_64 1.1.0 11.00 6.00 17.00 OK
r-devel-windows-x86_64-gcc10-UCRT 1.1.0 NOTE
r-patched-linux-x86_64 1.1.0 4.72 40.05 44.77 OK
r-patched-solaris-x86 1.1.0 82.60 OK
r-release-linux-x86_64 1.1.0 4.86 39.74 44.60 OK
r-release-macos-x86_64 1.1.0 OK
r-release-windows-ix86+x86_64 1.1.0 19.00 62.00 81.00 OK
r-oldrel-macos-x86_64 1.1.0 OK
r-oldrel-windows-ix86+x86_64 1.1.0 9.00 43.00 52.00 OK

Check Details

Version: 1.1.0
Check: LazyData
Result: NOTE
     'LazyData' is specified without a 'data' directory
Flavors: r-devel-linux-x86_64-debian-clang, r-devel-linux-x86_64-debian-gcc, r-devel-linux-x86_64-fedora-clang, r-devel-linux-x86_64-fedora-gcc, r-devel-windows-x86_64-gcc10-UCRT