CRAN Package Check Results for Package liteq

Last updated on 2023-09-30 11:51:44 CEST.

Flavor Version Tinstall Tcheck Ttotal Status Flags
r-devel-linux-x86_64-debian-clang 1.1.0 4.89 44.37 49.26 NOTE
r-devel-linux-x86_64-debian-gcc 1.1.0 4.23 33.69 37.92 NOTE
r-devel-linux-x86_64-fedora-clang 1.1.0 60.07 NOTE
r-devel-linux-x86_64-fedora-gcc 1.1.0 59.20 NOTE
r-devel-windows-x86_64 1.1.0 7.00 57.00 64.00 NOTE
r-patched-linux-x86_64 1.1.0 5.86 42.81 48.67 NOTE
r-release-linux-x86_64 1.1.0 5.16 43.26 48.42 NOTE
r-release-macos-arm64 1.1.0 23.00 NOTE
r-release-macos-x86_64 1.1.0 30.00 NOTE
r-release-windows-x86_64 1.1.0 7.00 61.00 68.00 NOTE
r-oldrel-macos-arm64 1.1.0 23.00 NOTE
r-oldrel-macos-x86_64 1.1.0 33.00 NOTE
r-oldrel-windows-x86_64 1.1.0 8.00 64.00 72.00 NOTE

Check Details

Version: 1.1.0
Check: LazyData
Result: NOTE
     'LazyData' is specified without a 'data' directory
Flavors: r-devel-linux-x86_64-debian-clang, r-devel-linux-x86_64-debian-gcc, r-devel-linux-x86_64-fedora-clang, r-devel-linux-x86_64-fedora-gcc, r-devel-windows-x86_64, r-patched-linux-x86_64, r-release-linux-x86_64, r-release-macos-arm64, r-release-macos-x86_64, r-release-windows-x86_64, r-oldrel-macos-arm64, r-oldrel-macos-x86_64, r-oldrel-windows-x86_64