Last updated on 2024-04-17 23:55:36 CEST.
Flavor | Version | Tinstall | Tcheck | Ttotal | Status | Flags |
---|---|---|---|---|---|---|
r-devel-linux-x86_64-debian-clang | 1.1.0 | 5.76 | 45.45 | 51.21 | NOTE | |
r-devel-linux-x86_64-debian-gcc | 1.1.0 | 3.77 | 34.32 | 38.09 | NOTE | |
r-devel-linux-x86_64-fedora-clang | 1.1.0 | 62.71 | NOTE | |||
r-devel-linux-x86_64-fedora-gcc | 1.1.0 | 59.94 | NOTE | |||
r-prerel-macos-arm64 | 1.1.0 | 22.00 | NOTE | |||
r-prerel-windows-x86_64 | 1.1.0 | 5.00 | 55.00 | 60.00 | NOTE | |
r-patched-linux-x86_64 | 1.1.0 | 5.59 | 42.78 | 48.37 | NOTE | |
r-release-linux-x86_64 | 1.1.0 | 4.97 | 42.97 | 47.94 | NOTE | |
r-release-macos-arm64 | 1.1.0 | 23.00 | NOTE | |||
r-release-macos-x86_64 | 1.1.0 | 30.00 | NOTE | |||
r-release-windows-x86_64 | 1.1.0 | 8.00 | 60.00 | 68.00 | NOTE | |
r-oldrel-macos-arm64 | 1.1.0 | 23.00 | NOTE | |||
r-oldrel-windows-x86_64 | 1.1.0 | 8.00 | 67.00 | 75.00 | NOTE |
Version: 1.1.0
Check: LazyData
Result: NOTE
'LazyData' is specified without a 'data' directory
Flavors: r-devel-linux-x86_64-debian-clang, r-devel-linux-x86_64-debian-gcc, r-devel-linux-x86_64-fedora-clang, r-devel-linux-x86_64-fedora-gcc, r-prerel-macos-arm64, r-prerel-windows-x86_64, r-patched-linux-x86_64, r-release-linux-x86_64, r-release-macos-arm64, r-release-macos-x86_64, r-release-windows-x86_64, r-oldrel-macos-arm64, r-oldrel-windows-x86_64