CRAN Package Check Results for Package literanger

Last updated on 2024-04-23 23:56:05 CEST.

Flavor Version Tinstall Tcheck Ttotal Status Flags
r-devel-linux-x86_64-debian-clang 0.0.2 36.62 34.13 70.75 NOTE
r-devel-linux-x86_64-debian-gcc 0.0.2 39.24 25.63 64.87 NOTE
r-devel-linux-x86_64-fedora-clang 0.0.2 95.32 NOTE
r-devel-linux-x86_64-fedora-gcc 0.0.2 113.63 NOTE
r-prerel-macos-arm64 0.0.2 28.00 OK
r-prerel-windows-x86_64 0.0.2 35.00 68.00 103.00 OK
r-patched-linux-x86_64 0.0.2 46.54 33.34 79.88 OK
r-release-linux-x86_64 0.0.2 44.29 32.24 76.53 OK
r-release-macos-arm64 0.0.2 31.00 OK
r-release-macos-x86_64 0.0.2 64.00 OK
r-release-windows-x86_64 0.0.2 34.00 76.00 110.00 OK
r-oldrel-macos-arm64 0.0.2 32.00 OK
r-oldrel-windows-x86_64 0.0.2 39.00 74.00 113.00 OK

Check Details

Version: 0.0.2
Check: compiled code
Result: NOTE File ‘literanger/libs/literanger.so’: Found non-API calls to R: ‘SETLENGTH’, ‘SET_TRUELENGTH’ Compiled code should not call non-API entry points in R. See ‘Writing portable packages’ in the ‘Writing R Extensions’ manual. Flavors: r-devel-linux-x86_64-debian-clang, r-devel-linux-x86_64-debian-gcc, r-devel-linux-x86_64-fedora-clang, r-devel-linux-x86_64-fedora-gcc