CRAN Package Check Results for Package litteR

Last updated on 2021-05-11 23:50:46 CEST.

Flavor Version Tinstall Tcheck Ttotal Status Flags
r-devel-linux-x86_64-debian-clang 0.8.2 8.35 71.30 79.65 NOTE
r-devel-linux-x86_64-debian-gcc 0.8.2 6.58 54.85 61.43 NOTE
r-devel-linux-x86_64-fedora-clang 0.8.2 105.45 NOTE
r-devel-linux-x86_64-fedora-gcc 0.8.2 94.61 NOTE
r-devel-windows-ix86+x86_64 0.8.2 32.00 94.00 126.00 NOTE
r-devel-windows-x86_64-gcc10-UCRT 0.8.2 NOTE
r-patched-linux-x86_64 0.8.2 12.50 69.55 82.05 NOTE
r-patched-solaris-x86 0.8.2 138.20 NOTE
r-release-linux-x86_64 0.8.2 7.29 68.70 75.99 OK
r-release-macos-x86_64 0.8.2 OK
r-release-windows-ix86+x86_64 0.8.2 15.00 74.00 89.00 OK
r-oldrel-macos-x86_64 0.8.2 ERROR
r-oldrel-windows-ix86+x86_64 0.7.0 22.00 144.00 166.00 OK

Check Details

Version: 0.8.2
Check: LazyData
Result: NOTE
     'LazyData' is specified without a 'data' directory
Flavors: r-devel-linux-x86_64-debian-clang, r-devel-linux-x86_64-debian-gcc, r-devel-linux-x86_64-fedora-clang, r-devel-linux-x86_64-fedora-gcc, r-devel-windows-ix86+x86_64, r-devel-windows-x86_64-gcc10-UCRT, r-patched-linux-x86_64, r-patched-solaris-x86

Version: 0.8.2
Check: whether package can be installed
Result: ERROR
    Installation failed.
Flavor: r-oldrel-macos-x86_64