CRAN Package Check Results for Package live

Last updated on 2023-11-29 00:50:22 CET.

Flavor Version Tinstall Tcheck Ttotal Status Flags
r-devel-linux-x86_64-debian-clang 1.5.13 12.86 181.84 194.70 OK
r-devel-linux-x86_64-debian-gcc 1.5.13 9.81 131.67 141.48 OK
r-devel-linux-x86_64-fedora-clang 1.5.13 235.94 NOTE
r-devel-linux-x86_64-fedora-gcc 1.5.13 234.00 NOTE
r-devel-windows-x86_64 1.5.13 11.00 144.00 155.00 OK
r-patched-linux-x86_64 1.5.13 14.02 166.31 180.33 OK
r-release-linux-x86_64 1.5.13 8.23 169.62 177.85 OK
r-release-macos-arm64 1.5.13 77.00 OK
r-release-macos-x86_64 1.5.13 144.00 OK
r-release-windows-x86_64 1.5.13 16.00 184.00 200.00 OK
r-oldrel-macos-arm64 1.5.13 62.00 NOTE
r-oldrel-macos-x86_64 1.5.13 101.00 NOTE
r-oldrel-windows-x86_64 1.5.13 16.00 174.00 190.00 OK

Check Details

Version: 1.5.13
Check: dependencies in R code
Result: NOTE Namespace in Imports field not imported from: ‘e1071’ All declared Imports should be used. Flavors: r-devel-linux-x86_64-fedora-clang, r-devel-linux-x86_64-fedora-gcc, r-oldrel-macos-arm64, r-oldrel-macos-x86_64

Version: 1.5.13
Check: package dependencies
Result: NOTE Package suggested but not available for checking: ‘RWeka’ Flavor: r-oldrel-macos-x86_64